Last updated on 2022-04-24 03:52:24 CEST.
Flavor | Version | Tinstall | Tcheck | Ttotal | Status | Flags |
---|---|---|---|---|---|---|
r-devel-linux-x86_64-debian-clang | 0.2.6 | 13.91 | 122.14 | 136.05 | OK | |
r-devel-linux-x86_64-debian-gcc | 0.2.6 | 10.97 | 92.34 | 103.31 | OK | |
r-devel-linux-x86_64-fedora-clang | 0.2.6 | 159.77 | NOTE | |||
r-devel-linux-x86_64-fedora-gcc | 0.2.6 | 147.60 | NOTE | |||
r-patched-linux-x86_64 | 0.2.6 | 12.01 | 116.40 | 128.41 | OK | |
r-release-linux-x86_64 | 0.2.6 | 12.50 | 110.30 | 122.80 | OK | |
r-release-macos-arm64 | 0.2.6 | NOTE | ||||
r-release-macos-x86_64 | 0.2.6 | NOTE | ||||
r-release-windows-x86_64 | 0.2.6 | 28.00 | 142.00 | 170.00 | OK | |
r-oldrel-macos-arm64 | 0.2.6 | NOTE | ||||
r-oldrel-macos-x86_64 | 0.2.6 | NOTE | ||||
r-oldrel-windows-ix86+x86_64 | 0.2.6 | 24.00 | 135.00 | 159.00 | OK |
Version: 0.2.6
Check: dependencies in R code
Result: NOTE
Namespace in Imports field not imported from: ‘EnvStats’
All declared Imports should be used.
Flavors: r-devel-linux-x86_64-fedora-clang, r-devel-linux-x86_64-fedora-gcc, r-release-macos-arm64, r-release-macos-x86_64, r-oldrel-macos-arm64, r-oldrel-macos-x86_64