Last updated on 2022-04-24 03:52:24 CEST.
Flavor | Version | Tinstall | Tcheck | Ttotal | Status | Flags |
---|---|---|---|---|---|---|
r-devel-linux-x86_64-debian-clang | 1.1.1 | 7.13 | 51.53 | 58.66 | NOTE | |
r-devel-linux-x86_64-debian-gcc | 1.1.1 | 6.27 | 39.03 | 45.30 | NOTE | |
r-devel-linux-x86_64-fedora-clang | 1.1.1 | 70.78 | NOTE | |||
r-devel-linux-x86_64-fedora-gcc | 1.1.1 | 58.50 | NOTE | |||
r-patched-linux-x86_64 | 1.1.1 | 6.55 | 48.69 | 55.24 | NOTE | |
r-release-linux-x86_64 | 1.1.1 | 7.76 | 48.60 | 56.36 | NOTE | |
r-release-macos-arm64 | 1.1.1 | NOTE | ||||
r-release-macos-x86_64 | 1.1.1 | NOTE | ||||
r-release-windows-x86_64 | 1.1.1 | 28.00 | 77.00 | 105.00 | NOTE | |
r-oldrel-macos-arm64 | 1.1.1 | NOTE | ||||
r-oldrel-macos-x86_64 | 1.1.1 | NOTE | ||||
r-oldrel-windows-ix86+x86_64 | 1.1.1 | 19.00 | 75.00 | 94.00 | NOTE |
Version: 1.1.1
Check: LazyData
Result: NOTE
'LazyData' is specified without a 'data' directory
Flavors: r-devel-linux-x86_64-debian-clang, r-devel-linux-x86_64-debian-gcc, r-devel-linux-x86_64-fedora-clang, r-devel-linux-x86_64-fedora-gcc, r-patched-linux-x86_64, r-release-linux-x86_64, r-release-macos-arm64, r-release-macos-x86_64, r-release-windows-x86_64, r-oldrel-macos-arm64, r-oldrel-macos-x86_64, r-oldrel-windows-ix86+x86_64