Last updated on 2022-04-24 03:52:25 CEST.
Flavor | Version | Tinstall | Tcheck | Ttotal | Status | Flags |
---|---|---|---|---|---|---|
r-devel-linux-x86_64-debian-clang | 0.2-9 | 43.50 | 342.01 | 385.51 | OK | |
r-devel-linux-x86_64-debian-gcc | 0.2-9 | 32.97 | 237.96 | 270.93 | OK | |
r-devel-linux-x86_64-fedora-clang | 0.2-9 | 468.70 | NOTE | |||
r-devel-linux-x86_64-fedora-gcc | 0.2-9 | 425.84 | OK | |||
r-patched-linux-x86_64 | 0.2-9 | 40.23 | 317.64 | 357.87 | OK | |
r-release-linux-x86_64 | 0.2-9 | 38.34 | 295.38 | 333.72 | OK | |
r-release-macos-arm64 | 0.2-9 | OK | ||||
r-release-macos-x86_64 | 0.2-9 | OK | ||||
r-release-windows-x86_64 | 0.2-9 | 68.00 | 362.00 | 430.00 | OK | |
r-oldrel-macos-arm64 | 0.2-9 | OK | ||||
r-oldrel-macos-x86_64 | 0.2-9 | OK | ||||
r-oldrel-windows-ix86+x86_64 | 0.2-9 | 100.00 | 628.00 | 728.00 | OK |
Version: 0.2-9
Check: Rd cross-references
Result: NOTE
Undeclared package ‘PHENIX’ in Rd xrefs
Flavor: r-devel-linux-x86_64-fedora-clang