Last updated on 2022-04-24 03:52:25 CEST.
Flavor | Version | Tinstall | Tcheck | Ttotal | Status | Flags |
---|---|---|---|---|---|---|
r-devel-linux-x86_64-debian-clang | 1.1-3 | 2.21 | 37.96 | 40.17 | NOTE | |
r-devel-linux-x86_64-debian-gcc | 1.1-3 | 2.18 | 28.66 | 30.84 | NOTE | |
r-devel-linux-x86_64-fedora-clang | 1.1-3 | 52.32 | NOTE | |||
r-devel-linux-x86_64-fedora-gcc | 1.1-3 | 37.52 | NOTE | |||
r-patched-linux-x86_64 | 1.1-3 | 3.58 | 36.51 | 40.09 | NOTE | |
r-release-linux-x86_64 | 1.1-3 | 2.51 | 35.42 | 37.93 | NOTE | |
r-release-macos-arm64 | 1.1-3 | NOTE | ||||
r-release-macos-x86_64 | 1.1-3 | NOTE | ||||
r-release-windows-x86_64 | 1.1-3 | 14.00 | 54.00 | 68.00 | NOTE | |
r-oldrel-macos-arm64 | 1.1-3 | NOTE | ||||
r-oldrel-macos-x86_64 | 1.1-3 | NOTE | ||||
r-oldrel-windows-ix86+x86_64 | 1.1-3 | 5.00 | 43.00 | 48.00 | NOTE |
Version: 1.1-3
Check: dependencies in R code
Result: NOTE
Package in Depends field not imported from: 'evd'
These packages need to be imported from (in the NAMESPACE file)
for when this namespace is loaded but not attached.
Flavors: r-devel-linux-x86_64-debian-clang, r-devel-linux-x86_64-debian-gcc, r-devel-linux-x86_64-fedora-clang, r-devel-linux-x86_64-fedora-gcc, r-patched-linux-x86_64, r-release-linux-x86_64, r-release-macos-arm64, r-release-macos-x86_64, r-release-windows-x86_64, r-oldrel-macos-arm64, r-oldrel-macos-x86_64, r-oldrel-windows-ix86+x86_64
Version: 1.1-3
Check: R code for possible problems
Result: NOTE
DPOT: no visible global function definition for 'optim'
mop.rho: no visible global function definition for 'median'
Undefined global functions or variables:
median optim
Consider adding
importFrom("stats", "median", "optim")
to your NAMESPACE file.
Flavors: r-devel-linux-x86_64-debian-clang, r-devel-linux-x86_64-debian-gcc, r-devel-linux-x86_64-fedora-clang, r-devel-linux-x86_64-fedora-gcc, r-patched-linux-x86_64, r-release-linux-x86_64, r-release-macos-arm64, r-release-macos-x86_64, r-release-windows-x86_64, r-oldrel-macos-arm64, r-oldrel-macos-x86_64, r-oldrel-windows-ix86+x86_64