Last updated on 2022-04-24 03:52:25 CEST.
Flavor | Version | Tinstall | Tcheck | Ttotal | Status | Flags |
---|---|---|---|---|---|---|
r-devel-linux-x86_64-debian-clang | 1.4.2 | 2.94 | 64.12 | 67.06 | NOTE | |
r-devel-linux-x86_64-debian-gcc | 1.4.2 | 2.78 | 47.57 | 50.35 | NOTE | |
r-devel-linux-x86_64-fedora-clang | 1.4.2 | 81.76 | NOTE | |||
r-devel-linux-x86_64-fedora-gcc | 1.4.2 | 70.84 | NOTE | |||
r-patched-linux-x86_64 | 1.4.2 | 3.18 | 61.06 | 64.24 | NOTE | |
r-release-linux-x86_64 | 1.4.2 | 3.88 | 61.01 | 64.89 | NOTE | |
r-release-macos-arm64 | 1.4.2 | NOTE | ||||
r-release-macos-x86_64 | 1.4.2 | NOTE | ||||
r-release-windows-x86_64 | 1.4.2 | 53.00 | 94.00 | 147.00 | NOTE | |
r-oldrel-macos-arm64 | 1.4.2 | NOTE | ||||
r-oldrel-macos-x86_64 | 1.4.2 | NOTE | ||||
r-oldrel-windows-ix86+x86_64 | 1.4.2 | 10.00 | 72.00 | 82.00 | NOTE |
Version: 1.4.2
Check: DESCRIPTION meta-information
Result: NOTE
Malformed Description field: should contain one or more complete sentences.
Flavors: r-devel-linux-x86_64-debian-clang, r-devel-linux-x86_64-debian-gcc, r-devel-linux-x86_64-fedora-clang, r-devel-linux-x86_64-fedora-gcc, r-patched-linux-x86_64, r-release-linux-x86_64, r-release-macos-arm64, r-release-macos-x86_64, r-release-windows-x86_64, r-oldrel-macos-arm64, r-oldrel-macos-x86_64, r-oldrel-windows-ix86+x86_64
Version: 1.4.2
Check: R code for possible problems
Result: NOTE
build.mcx.obj: no visible global function definition for 'glm'
build.mcx.obj: no visible binding for global variable 'poisson'
build.mcx.obj: no visible global function definition for 'fitted'
cab: no visible global function definition for 'rbinom'
cab: no visible global function definition for 'runif'
mcexact: no visible global function definition for 'update'
rounded.tprob: no visible global function definition for 'pt'
simtable.cab: no visible global function definition for 'rbinom'
simtable.cab: no visible global function definition for 'runif'
Undefined global functions or variables:
fitted glm poisson pt rbinom runif update
Consider adding
importFrom("stats", "fitted", "glm", "poisson", "pt", "rbinom",
"runif", "update")
to your NAMESPACE file.
Flavors: r-devel-linux-x86_64-debian-clang, r-devel-linux-x86_64-debian-gcc, r-devel-linux-x86_64-fedora-clang, r-devel-linux-x86_64-fedora-gcc, r-patched-linux-x86_64, r-release-linux-x86_64, r-release-macos-arm64, r-release-macos-x86_64, r-release-windows-x86_64, r-oldrel-macos-arm64, r-oldrel-macos-x86_64, r-oldrel-windows-ix86+x86_64
Version: 1.4.2
Check: compiled code
Result: NOTE
File ‘exactLoglinTest/libs/exactLoglinTest.so’:
Found no calls to: ‘R_registerRoutines’, ‘R_useDynamicSymbols’
It is good practice to register native routines and to disable symbol
search.
See ‘Writing portable packages’ in the ‘Writing R Extensions’ manual.
Flavors: r-devel-linux-x86_64-fedora-clang, r-devel-linux-x86_64-fedora-gcc