Last updated on 2022-04-24 03:52:25 CEST.
Flavor | Version | Tinstall | Tcheck | Ttotal | Status | Flags |
---|---|---|---|---|---|---|
r-devel-linux-x86_64-debian-clang | 1.4-2 | 5.29 | 53.21 | 58.50 | OK | |
r-devel-linux-x86_64-debian-gcc | 1.4-2 | 4.05 | 40.94 | 44.99 | OK | |
r-devel-linux-x86_64-fedora-clang | 1.4-2 | 71.34 | NOTE | |||
r-devel-linux-x86_64-fedora-gcc | 1.4-2 | 59.60 | OK | |||
r-patched-linux-x86_64 | 1.4-2 | 9.04 | 51.66 | 60.70 | OK | |
r-release-linux-x86_64 | 1.4-2 | 5.01 | 50.68 | 55.69 | OK | |
r-release-macos-arm64 | 1.4-2 | OK | ||||
r-release-macos-x86_64 | 1.4-2 | OK | ||||
r-release-windows-x86_64 | 1.4-2 | 13.00 | 79.00 | 92.00 | OK | |
r-oldrel-macos-arm64 | 1.4-2 | OK | ||||
r-oldrel-macos-x86_64 | 1.4-2 | OK | ||||
r-oldrel-windows-ix86+x86_64 | 1.4-2 | 10.00 | 61.00 | 71.00 | OK |
Version: 1.4-2
Check: Rd cross-references
Result: NOTE
Undeclared package ‘exact2x2’ in Rd xrefs
Flavor: r-devel-linux-x86_64-fedora-clang