Last updated on 2022-04-24 03:52:25 CEST.
Flavor | Version | Tinstall | Tcheck | Ttotal | Status | Flags |
---|---|---|---|---|---|---|
r-devel-linux-x86_64-debian-clang | 0.8.2 | 93.00 | 398.15 | 491.15 | OK | |
r-devel-linux-x86_64-debian-gcc | 0.8.2 | 78.72 | 292.48 | 371.20 | OK | |
r-devel-linux-x86_64-fedora-clang | 0.8.2 | 661.74 | OK | |||
r-devel-linux-x86_64-fedora-gcc | 0.8.2 | 561.99 | OK | |||
r-patched-linux-x86_64 | 0.8.2 | 81.09 | 378.32 | 459.41 | OK | |
r-release-linux-x86_64 | 0.8.2 | 83.43 | 358.53 | 441.96 | OK | |
r-release-macos-arm64 | 0.8.2 | NOTE | ||||
r-release-macos-x86_64 | 0.8.2 | NOTE | ||||
r-release-windows-x86_64 | 0.8.2 | 133.00 | 455.00 | 588.00 | OK | |
r-oldrel-macos-arm64 | 0.8.2 | NOTE | ||||
r-oldrel-macos-x86_64 | 0.8.2 | NOTE | ||||
r-oldrel-windows-ix86+x86_64 | 0.8.2 | 233.00 | 641.00 | 874.00 | NOTE |
Version: 0.8.2
Check: installed package size
Result: NOTE
installed size is 7.2Mb
sub-directories of 1Mb or more:
libs 6.3Mb
Flavors: r-release-macos-arm64, r-release-macos-x86_64, r-oldrel-macos-arm64, r-oldrel-macos-x86_64, r-oldrel-windows-ix86+x86_64