Last updated on 2022-04-24 03:52:25 CEST.
Flavor | Version | Tinstall | Tcheck | Ttotal | Status | Flags |
---|---|---|---|---|---|---|
r-devel-linux-x86_64-debian-clang | 0.3 | 3.89 | 38.83 | 42.72 | OK | |
r-devel-linux-x86_64-debian-gcc | 0.3 | 2.91 | 29.91 | 32.82 | OK | |
r-devel-linux-x86_64-fedora-clang | 0.3 | 52.01 | NOTE | |||
r-devel-linux-x86_64-fedora-gcc | 0.3 | 39.72 | OK | |||
r-patched-linux-x86_64 | 0.3 | 4.42 | 37.80 | 42.22 | OK | |
r-release-linux-x86_64 | 0.3 | 3.21 | 37.09 | 40.30 | OK | |
r-release-macos-arm64 | 0.3 | OK | ||||
r-release-macos-x86_64 | 0.3 | OK | ||||
r-release-windows-x86_64 | 0.3 | 16.00 | 54.00 | 70.00 | OK | |
r-oldrel-macos-arm64 | 0.3 | OK | ||||
r-oldrel-macos-x86_64 | 0.3 | OK | ||||
r-oldrel-windows-ix86+x86_64 | 0.3 | 8.00 | 43.00 | 51.00 | OK |
Version: 0.3
Check: Rd cross-references
Result: NOTE
Undeclared package ‘tth’ in Rd xrefs
Flavor: r-devel-linux-x86_64-fedora-clang