Last updated on 2022-04-24 03:52:25 CEST.
Flavor | Version | Tinstall | Tcheck | Ttotal | Status | Flags |
---|---|---|---|---|---|---|
r-devel-linux-x86_64-debian-clang | 0.6.1 | 23.86 | 189.20 | 213.06 | OK | |
r-devel-linux-x86_64-debian-gcc | 0.6.1 | 20.05 | 137.23 | 157.28 | OK | |
r-devel-linux-x86_64-fedora-clang | 0.6.1 | 265.44 | NOTE | |||
r-devel-linux-x86_64-fedora-gcc | 0.6.1 | 253.43 | NOTE | |||
r-patched-linux-x86_64 | 0.6.1 | 21.43 | 177.12 | 198.55 | OK | |
r-release-linux-x86_64 | 0.6.1 | 20.87 | 168.92 | 189.79 | OK | |
r-release-macos-arm64 | 0.6.1 | NOTE | ||||
r-release-macos-x86_64 | 0.6.1 | NOTE | ||||
r-release-windows-x86_64 | 0.6.1 | 38.00 | 198.00 | 236.00 | OK | |
r-oldrel-macos-arm64 | 0.6.1 | NOTE | ||||
r-oldrel-macos-x86_64 | 0.6.1 | NOTE | ||||
r-oldrel-windows-ix86+x86_64 | 0.6.1 | 37.00 | 202.00 | 239.00 | OK |
Version: 0.6.1
Check: data for non-ASCII characters
Result: NOTE
Note: found 342 marked UTF-8 strings
Flavors: r-devel-linux-x86_64-fedora-clang, r-devel-linux-x86_64-fedora-gcc, r-release-macos-arm64, r-release-macos-x86_64, r-oldrel-macos-arm64, r-oldrel-macos-x86_64