Last updated on 2022-04-24 03:52:25 CEST.
Flavor | Version | Tinstall | Tcheck | Ttotal | Status | Flags |
---|---|---|---|---|---|---|
r-devel-linux-x86_64-debian-clang | 2.5.2 | 25.90 | 118.22 | 144.12 | NOTE | |
r-devel-linux-x86_64-debian-gcc | 2.5.2 | 18.88 | 87.32 | 106.20 | NOTE | |
r-devel-linux-x86_64-fedora-clang | 2.5.2 | 177.79 | OK | |||
r-devel-linux-x86_64-fedora-gcc | 2.5.2 | 152.88 | OK | |||
r-patched-linux-x86_64 | 2.5.2 | 20.16 | 111.10 | 131.26 | NOTE | |
r-release-linux-x86_64 | 2.5.2 | 18.50 | 104.11 | 122.61 | NOTE | |
r-release-macos-arm64 | 2.5.2 | NOTE | ||||
r-release-macos-x86_64 | 2.5.2 | NOTE | ||||
r-release-windows-x86_64 | 2.5.2 | 83.00 | 141.00 | 224.00 | NOTE | |
r-oldrel-macos-arm64 | 2.5.2 | NOTE | ||||
r-oldrel-macos-x86_64 | 2.5.2 | NOTE | ||||
r-oldrel-windows-ix86+x86_64 | 2.5.2 | 51.00 | 168.00 | 219.00 | OK |
Version: 2.5.2
Check: package dependencies
Result: NOTE
Package suggested but not available for checking: 'INLA'
Flavors: r-devel-linux-x86_64-debian-clang, r-devel-linux-x86_64-debian-gcc, r-patched-linux-x86_64, r-release-linux-x86_64, r-release-macos-arm64, r-release-macos-x86_64, r-release-windows-x86_64, r-oldrel-macos-arm64, r-oldrel-macos-x86_64