Last updated on 2022-04-24 03:52:25 CEST.
Flavor | Version | Tinstall | Tcheck | Ttotal | Status | Flags |
---|---|---|---|---|---|---|
r-devel-linux-x86_64-debian-clang | 0.1 | 32.01 | 255.36 | 287.37 | NOTE | |
r-devel-linux-x86_64-debian-gcc | 0.1 | 22.39 | 189.47 | 211.86 | NOTE | |
r-devel-linux-x86_64-fedora-clang | 0.1 | 335.35 | NOTE | |||
r-devel-linux-x86_64-fedora-gcc | 0.1 | 311.58 | NOTE | |||
r-patched-linux-x86_64 | 0.1 | 25.55 | 232.02 | 257.57 | NOTE | |
r-release-linux-x86_64 | 0.1 | 23.81 | 221.78 | 245.59 | NOTE | |
r-release-macos-arm64 | 0.1 | ERROR | ||||
r-release-macos-x86_64 | 0.1 | ERROR | ||||
r-release-windows-x86_64 | 0.1 | 28.00 | 232.00 | 260.00 | NOTE | |
r-oldrel-macos-arm64 | 0.1 | ERROR | ||||
r-oldrel-macos-x86_64 | 0.1 | ERROR | ||||
r-oldrel-windows-ix86+x86_64 | 0.1 | 55.00 | 215.00 | 270.00 | NOTE |
Version: 0.1
Check: LazyData
Result: NOTE
'LazyData' is specified without a 'data' directory
Flavors: r-devel-linux-x86_64-debian-clang, r-devel-linux-x86_64-debian-gcc, r-devel-linux-x86_64-fedora-clang, r-devel-linux-x86_64-fedora-gcc, r-patched-linux-x86_64, r-release-linux-x86_64, r-release-windows-x86_64, r-oldrel-windows-ix86+x86_64
Version: 0.1
Check: package dependencies
Result: ERROR
Package required but not available: ‘gage’
See section ‘The DESCRIPTION file’ in the ‘Writing R Extensions’
manual.
Flavors: r-release-macos-arm64, r-release-macos-x86_64, r-oldrel-macos-arm64, r-oldrel-macos-x86_64