Last updated on 2022-04-24 03:52:25 CEST.
Flavor | Version | Tinstall | Tcheck | Ttotal | Status | Flags |
---|---|---|---|---|---|---|
r-devel-linux-x86_64-debian-clang | 0.1.0 | 6.32 | 56.90 | 63.22 | OK | |
r-devel-linux-x86_64-debian-gcc | 0.1.0 | 5.37 | 42.34 | 47.71 | OK | |
r-devel-linux-x86_64-fedora-clang | 0.1.0 | 76.29 | NOTE | |||
r-devel-linux-x86_64-fedora-gcc | 0.1.0 | 62.49 | NOTE | |||
r-patched-linux-x86_64 | 0.1.0 | 5.05 | 54.35 | 59.40 | OK | |
r-release-linux-x86_64 | 0.1.0 | 3.83 | 51.02 | 54.85 | OK | |
r-release-macos-arm64 | 0.1.0 | NOTE | ||||
r-release-macos-x86_64 | 0.1.0 | NOTE | ||||
r-release-windows-x86_64 | 0.1.0 | 20.00 | 72.00 | 92.00 | OK | |
r-oldrel-macos-arm64 | 0.1.0 | NOTE | ||||
r-oldrel-macos-x86_64 | 0.1.0 | NOTE | ||||
r-oldrel-windows-ix86+x86_64 | 0.1.0 | 12.00 | 60.00 | 72.00 | OK |
Version: 0.1.0
Check: dependencies in R code
Result: NOTE
Namespace in Imports field not imported from: ‘tidyverse’
All declared Imports should be used.
Flavors: r-devel-linux-x86_64-fedora-clang, r-devel-linux-x86_64-fedora-gcc, r-release-macos-arm64, r-release-macos-x86_64, r-oldrel-macos-arm64, r-oldrel-macos-x86_64