Last updated on 2022-04-24 03:52:25 CEST.
Flavor | Version | Tinstall | Tcheck | Ttotal | Status | Flags |
---|---|---|---|---|---|---|
r-devel-linux-x86_64-debian-clang | 0.52 | 59.66 | 245.50 | 305.16 | OK | |
r-devel-linux-x86_64-debian-gcc | 0.52 | 46.44 | 177.45 | 223.89 | OK | |
r-devel-linux-x86_64-fedora-clang | 0.52 | 369.46 | NOTE | |||
r-devel-linux-x86_64-fedora-gcc | 0.52 | 348.77 | OK | |||
r-patched-linux-x86_64 | 0.52 | 55.92 | 228.00 | 283.92 | OK | |
r-release-linux-x86_64 | 0.52 | 50.00 | 210.04 | 260.04 | OK | |
r-release-macos-arm64 | 0.52 | NOTE | ||||
r-release-macos-x86_64 | 0.52 | NOTE | ||||
r-release-windows-x86_64 | 0.52 | 82.00 | 287.00 | 369.00 | OK | |
r-oldrel-macos-arm64 | 0.52 | NOTE | ||||
r-oldrel-macos-x86_64 | 0.52 | NOTE | ||||
r-oldrel-windows-ix86+x86_64 | 0.52 | 129.00 | 357.00 | 486.00 | OK |
Version: 0.52
Check: installed package size
Result: NOTE
installed size is 8.1Mb
sub-directories of 1Mb or more:
libs 6.6Mb
Flavors: r-devel-linux-x86_64-fedora-clang, r-release-macos-arm64, r-release-macos-x86_64, r-oldrel-macos-arm64, r-oldrel-macos-x86_64
Version: 0.52
Check: Rd cross-references
Result: NOTE
Undeclared package ‘quantreg’ in Rd xrefs
Flavor: r-devel-linux-x86_64-fedora-clang