Last updated on 2022-04-24 03:52:25 CEST.
| Flavor | Version | Tinstall | Tcheck | Ttotal | Status | Flags | 
|---|---|---|---|---|---|---|
| r-devel-linux-x86_64-debian-clang | 0.11.1 | 17.45 | 284.72 | 302.17 | OK | |
| r-devel-linux-x86_64-debian-gcc | 0.11.1 | 12.42 | 174.98 | 187.40 | OK | |
| r-devel-linux-x86_64-fedora-clang | 0.11.1 | 288.75 | OK | |||
| r-devel-linux-x86_64-fedora-gcc | 0.11.1 | 262.68 | OK | |||
| r-patched-linux-x86_64 | 0.11.1 | 21.44 | 218.77 | 240.21 | OK | |
| r-release-linux-x86_64 | 0.11.1 | 16.36 | 217.03 | 233.39 | OK | |
| r-release-macos-arm64 | 0.11.1 | OK | ||||
| r-release-macos-x86_64 | 0.11.1 | WARN | --as-cran | |||
| r-release-windows-x86_64 | 0.11.1 | 307.00 | 237.00 | 544.00 | OK | |
| r-oldrel-macos-arm64 | 0.11.1 | OK | ||||
| r-oldrel-macos-x86_64 | 0.11.1 | WARN | --as-cran | |||
| r-oldrel-windows-ix86+x86_64 | 0.11.1 | 29.00 | 238.00 | 267.00 | OK | 
Version: 0.11.1
Flags: --as-cran
Check: CRAN incoming feasibility
Result: WARN
    Maintainer: ‘Gregory Demin <gdemin@gmail.com>’
    
    Insufficient package version (submitted: 0.11.1, existing: 0.11.1)
    
    Days since last update: 1
    
    Size of tarball: 5103285 bytes
Flavors: r-release-macos-x86_64, r-oldrel-macos-x86_64