Last updated on 2022-04-24 03:52:25 CEST.
Flavor | Version | Tinstall | Tcheck | Ttotal | Status | Flags |
---|---|---|---|---|---|---|
r-devel-linux-x86_64-debian-clang | 1.1.1 | 2.34 | 40.05 | 42.39 | NOTE | |
r-devel-linux-x86_64-debian-gcc | 1.1.1 | 2.30 | 30.17 | 32.47 | NOTE | |
r-devel-linux-x86_64-fedora-clang | 1.1.1 | 51.73 | NOTE | |||
r-devel-linux-x86_64-fedora-gcc | 1.1.1 | 40.20 | NOTE | |||
r-patched-linux-x86_64 | 1.1.1 | 3.11 | 37.67 | 40.78 | NOTE | |
r-release-linux-x86_64 | 1.1.1 | 3.32 | 38.06 | 41.38 | NOTE | |
r-release-macos-arm64 | 1.1.1 | NOTE | ||||
r-release-macos-x86_64 | 1.1.1 | NOTE | ||||
r-release-windows-x86_64 | 1.1.1 | 17.00 | 55.00 | 72.00 | NOTE | |
r-oldrel-macos-arm64 | 1.1.1 | NOTE | ||||
r-oldrel-macos-x86_64 | 1.1.1 | NOTE | ||||
r-oldrel-windows-ix86+x86_64 | 1.1.1 | 6.00 | 43.00 | 49.00 | NOTE |
Version: 1.1.1
Check: R code for possible problems
Result: NOTE
index.citations: no visible global function definition for
'txtProgressBar'
read.exsic: no visible global function definition for 'read.csv'
update.pb: no visible global function definition for
'setTxtProgressBar'
Undefined global functions or variables:
read.csv setTxtProgressBar txtProgressBar
Consider adding
importFrom("utils", "read.csv", "setTxtProgressBar", "txtProgressBar")
to your NAMESPACE file.
Flavors: r-devel-linux-x86_64-debian-clang, r-devel-linux-x86_64-debian-gcc, r-devel-linux-x86_64-fedora-clang, r-devel-linux-x86_64-fedora-gcc, r-patched-linux-x86_64, r-release-linux-x86_64, r-release-macos-arm64, r-release-macos-x86_64, r-release-windows-x86_64, r-oldrel-macos-arm64, r-oldrel-macos-x86_64, r-oldrel-windows-ix86+x86_64