Last updated on 2022-04-24 03:52:25 CEST.
Flavor | Version | Tinstall | Tcheck | Ttotal | Status | Flags |
---|---|---|---|---|---|---|
r-devel-linux-x86_64-debian-clang | 0.2 | 3.70 | 44.99 | 48.69 | NOTE | |
r-devel-linux-x86_64-debian-gcc | 0.2 | 2.61 | 33.01 | 35.62 | NOTE | |
r-devel-linux-x86_64-fedora-clang | 0.2 | 58.03 | NOTE | |||
r-devel-linux-x86_64-fedora-gcc | 0.2 | 46.37 | NOTE | |||
r-patched-linux-x86_64 | 0.2 | 3.77 | 43.41 | 47.18 | NOTE | |
r-release-linux-x86_64 | 0.2 | 3.68 | 42.90 | 46.58 | NOTE | |
r-release-macos-arm64 | 0.2 | NOTE | ||||
r-release-macos-x86_64 | 0.2 | NOTE | ||||
r-release-windows-x86_64 | 0.2 | 21.00 | 56.00 | 77.00 | NOTE | |
r-oldrel-macos-arm64 | 0.2 | NOTE | ||||
r-oldrel-macos-x86_64 | 0.2 | NOTE | ||||
r-oldrel-windows-ix86+x86_64 | 0.2 | 6.00 | 36.00 | 42.00 | NOTE |
Version: 0.2
Check: R code for possible problems
Result: NOTE
bars: no visible global function definition for 'segments'
cv.binomial: no visible binding for global variable 'var'
cv.binomial: no visible global function definition for 'abline'
cv.normal: no visible binding for global variable 'var'
cv.normal: no visible global function definition for 'abline'
cv.poisson: no visible binding for global variable 'var'
cv.poisson: no visible global function definition for 'abline'
plot.extlasso: no visible global function definition for 'matplot'
plot.extlasso: no visible global function definition for 'axis'
Undefined global functions or variables:
abline axis matplot segments var
Consider adding
importFrom("graphics", "abline", "axis", "matplot", "segments")
importFrom("stats", "var")
to your NAMESPACE file.
Flavors: r-devel-linux-x86_64-debian-clang, r-devel-linux-x86_64-debian-gcc, r-devel-linux-x86_64-fedora-clang, r-devel-linux-x86_64-fedora-gcc, r-patched-linux-x86_64, r-release-linux-x86_64, r-release-macos-arm64, r-release-macos-x86_64, r-release-windows-x86_64, r-oldrel-macos-arm64, r-oldrel-macos-x86_64, r-oldrel-windows-ix86+x86_64