Last updated on 2022-04-24 03:52:25 CEST.
Flavor | Version | Tinstall | Tcheck | Ttotal | Status | Flags |
---|---|---|---|---|---|---|
r-devel-linux-x86_64-debian-clang | 1.9.1 | 463.85 | 102.69 | 566.54 | NOTE | |
r-devel-linux-x86_64-debian-gcc | 1.9.1 | 350.72 | 78.17 | 428.89 | NOTE | |
r-devel-linux-x86_64-fedora-clang | 1.9.1 | 942.11 | NOTE | |||
r-devel-linux-x86_64-fedora-gcc | 1.9.1 | 723.35 | NOTE | |||
r-patched-linux-x86_64 | 1.9.1 | 371.99 | 100.19 | 472.18 | NOTE | |
r-release-linux-x86_64 | 1.9.1 | 377.30 | 99.34 | 476.64 | NOTE | |
r-release-macos-arm64 | 1.9.1 | NOTE | ||||
r-release-macos-x86_64 | 1.9.1 | NOTE | ||||
r-release-windows-x86_64 | 1.9.1 | 460.00 | 149.00 | 609.00 | NOTE | |
r-oldrel-macos-arm64 | 1.9.1 | NOTE | ||||
r-oldrel-macos-x86_64 | 1.9.1 | NOTE | ||||
r-oldrel-windows-ix86+x86_64 | 1.9.1 | 1058.00 | 224.00 | 1282.00 | NOTE |
Version: 1.9.1
Check: LazyData
Result: NOTE
'LazyData' is specified without a 'data' directory
Flavors: r-devel-linux-x86_64-debian-clang, r-devel-linux-x86_64-debian-gcc, r-devel-linux-x86_64-fedora-clang, r-devel-linux-x86_64-fedora-gcc, r-patched-linux-x86_64, r-release-linux-x86_64, r-release-macos-arm64, r-release-macos-x86_64, r-release-windows-x86_64, r-oldrel-macos-arm64, r-oldrel-macos-x86_64, r-oldrel-windows-ix86+x86_64
Version: 1.9.1
Check: installed package size
Result: NOTE
installed size is 11.2Mb
sub-directories of 1Mb or more:
libs 10.6Mb
Flavors: r-devel-linux-x86_64-fedora-clang, r-release-macos-arm64, r-release-macos-x86_64, r-oldrel-macos-arm64, r-oldrel-macos-x86_64