Last updated on 2022-04-24 03:52:25 CEST.
Flavor | Version | Tinstall | Tcheck | Ttotal | Status | Flags |
---|---|---|---|---|---|---|
r-devel-linux-x86_64-debian-clang | 1.0.5 | 4.24 | 70.36 | 74.60 | NOTE | |
r-devel-linux-x86_64-debian-gcc | 1.0.5 | 2.88 | 54.07 | 56.95 | NOTE | |
r-devel-linux-x86_64-fedora-clang | 1.0.5 | 87.20 | NOTE | |||
r-devel-linux-x86_64-fedora-gcc | 1.0.5 | 77.73 | NOTE | |||
r-patched-linux-x86_64 | 1.0.5 | 3.95 | 67.16 | 71.11 | NOTE | |
r-release-linux-x86_64 | 1.0.5 | 3.27 | 65.95 | 69.22 | NOTE | |
r-release-macos-arm64 | 1.0.5 | NOTE | ||||
r-release-macos-x86_64 | 1.0.5 | NOTE | ||||
r-release-windows-x86_64 | 1.0.5 | 29.00 | 91.00 | 120.00 | NOTE | |
r-oldrel-macos-arm64 | 1.0.5 | NOTE | ||||
r-oldrel-macos-x86_64 | 1.0.5 | NOTE | ||||
r-oldrel-windows-ix86+x86_64 | 1.0.5 | 10.00 | 68.00 | 78.00 | NOTE |
Version: 1.0.5
Check: R code for possible problems
Result: NOTE
toJavaMatrix2D: no visible global function definition for 'is'
Undefined global functions or variables:
is
Consider adding
importFrom("methods", "is")
to your NAMESPACE file (and ensure that your DESCRIPTION Imports field
contains 'methods').
Flavors: r-devel-linux-x86_64-debian-clang, r-devel-linux-x86_64-debian-gcc, r-devel-linux-x86_64-fedora-clang, r-devel-linux-x86_64-fedora-gcc, r-patched-linux-x86_64, r-release-linux-x86_64, r-release-macos-arm64, r-release-macos-x86_64, r-release-windows-x86_64, r-oldrel-macos-arm64, r-oldrel-macos-x86_64, r-oldrel-windows-ix86+x86_64
Version: 1.0.5
Check: for non-standard things in the check directory
Result: NOTE
Found the following files/directories:
'temp.Rdata'
Flavors: r-devel-linux-x86_64-debian-clang, r-devel-linux-x86_64-debian-gcc, r-devel-linux-x86_64-fedora-clang, r-devel-linux-x86_64-fedora-gcc, r-patched-linux-x86_64, r-release-linux-x86_64