Last updated on 2022-04-24 03:52:25 CEST.
Flavor | Version | Tinstall | Tcheck | Ttotal | Status | Flags |
---|---|---|---|---|---|---|
r-devel-linux-x86_64-debian-clang | 0.2.0 | 12.12 | 586.03 | 598.15 | OK | |
r-devel-linux-x86_64-debian-gcc | 0.2.0 | 8.49 | 402.86 | 411.35 | OK | |
r-devel-linux-x86_64-fedora-clang | 0.2.0 | 682.38 | NOTE | |||
r-devel-linux-x86_64-fedora-gcc | 0.2.0 | 644.05 | NOTE | |||
r-patched-linux-x86_64 | 0.2.0 | 8.17 | 525.65 | 533.82 | OK | |
r-release-linux-x86_64 | 0.2.0 | 6.30 | 540.58 | 546.88 | OK | |
r-release-macos-arm64 | 0.2.0 | NOTE | ||||
r-release-macos-x86_64 | 0.2.0 | NOTE | ||||
r-release-windows-x86_64 | 0.2.0 | 69.00 | 563.00 | 632.00 | NOTE | |
r-oldrel-macos-arm64 | 0.2.0 | NOTE | ||||
r-oldrel-macos-x86_64 | 0.2.0 | NOTE | ||||
r-oldrel-windows-ix86+x86_64 | 0.2.0 | 23.00 | 658.00 | 681.00 | NOTE |
Version: 0.2.0
Check: dependencies in R code
Result: NOTE
Namespace in Imports field not imported from: ‘rlang’
All declared Imports should be used.
Flavors: r-devel-linux-x86_64-fedora-clang, r-devel-linux-x86_64-fedora-gcc, r-release-macos-arm64, r-release-macos-x86_64, r-oldrel-macos-arm64, r-oldrel-macos-x86_64
Version: 0.2.0
Check: package dependencies
Result: NOTE
Package suggested but not available for checking: 'doMC'
Flavors: r-release-windows-x86_64, r-oldrel-windows-ix86+x86_64