Last updated on 2022-04-24 03:52:25 CEST.
Flavor | Version | Tinstall | Tcheck | Ttotal | Status | Flags |
---|---|---|---|---|---|---|
r-devel-linux-x86_64-debian-clang | 1.0 | 3.22 | 29.62 | 32.84 | NOTE | |
r-devel-linux-x86_64-debian-gcc | 1.0 | 2.83 | 22.62 | 25.45 | NOTE | |
r-devel-linux-x86_64-fedora-clang | 1.0 | 41.38 | NOTE | |||
r-devel-linux-x86_64-fedora-gcc | 1.0 | 29.52 | NOTE | |||
r-patched-linux-x86_64 | 1.0 | 3.21 | 27.71 | 30.92 | NOTE | |
r-release-linux-x86_64 | 1.0 | 3.50 | 27.96 | 31.46 | NOTE | |
r-release-macos-arm64 | 1.0 | NOTE | ||||
r-release-macos-x86_64 | 1.0 | NOTE | ||||
r-release-windows-x86_64 | 1.0 | 12.00 | 46.00 | 58.00 | NOTE | |
r-oldrel-macos-arm64 | 1.0 | NOTE | ||||
r-oldrel-macos-x86_64 | 1.0 | NOTE | ||||
r-oldrel-windows-ix86+x86_64 | 1.0 | 11.00 | 30.00 | 41.00 | NOTE |
Version: 1.0
Check: DESCRIPTION meta-information
Result: NOTE
Malformed Title field: should not end in a period.
Flavors: r-devel-linux-x86_64-debian-clang, r-devel-linux-x86_64-debian-gcc, r-devel-linux-x86_64-fedora-clang, r-devel-linux-x86_64-fedora-gcc, r-patched-linux-x86_64, r-release-linux-x86_64, r-release-macos-arm64, r-release-macos-x86_64, r-release-windows-x86_64, r-oldrel-macos-arm64, r-oldrel-macos-x86_64, r-oldrel-windows-ix86+x86_64
Version: 1.0
Check: compiled code
Result: NOTE
File ‘ezglm/libs/ezglm.so’:
Found no calls to: ‘R_registerRoutines’, ‘R_useDynamicSymbols’
It is good practice to register native routines and to disable symbol
search.
See ‘Writing portable packages’ in the ‘Writing R Extensions’ manual.
Flavors: r-devel-linux-x86_64-fedora-clang, r-devel-linux-x86_64-fedora-gcc