Last updated on 2022-04-24 03:52:25 CEST.
Flavor | Version | Tinstall | Tcheck | Ttotal | Status | Flags |
---|---|---|---|---|---|---|
r-devel-linux-x86_64-debian-clang | 3042.84 | 13.09 | 95.11 | 108.20 | NOTE | |
r-devel-linux-x86_64-debian-gcc | 3042.84 | 8.68 | 71.98 | 80.66 | NOTE | |
r-devel-linux-x86_64-fedora-clang | 3042.84 | 137.48 | NOTE | |||
r-devel-linux-x86_64-fedora-gcc | 3042.84 | 124.63 | NOTE | |||
r-patched-linux-x86_64 | 3042.84 | 12.57 | 91.46 | 104.03 | NOTE | |
r-release-linux-x86_64 | 3042.84 | 10.86 | 85.21 | 96.07 | NOTE | |
r-release-macos-arm64 | 3042.84 | NOTE | ||||
r-release-macos-x86_64 | 3042.84 | NOTE | ||||
r-release-windows-x86_64 | 3042.84 | 33.00 | 106.00 | 139.00 | NOTE | |
r-oldrel-macos-arm64 | 3042.84 | NOTE | ||||
r-oldrel-macos-x86_64 | 3042.84 | NOTE | ||||
r-oldrel-windows-ix86+x86_64 | 3042.84 | 21.00 | 106.00 | 127.00 | NOTE |
Version: 3042.84
Check: LazyData
Result: NOTE
'LazyData' is specified without a 'data' directory
Flavors: r-devel-linux-x86_64-debian-clang, r-devel-linux-x86_64-debian-gcc, r-devel-linux-x86_64-fedora-clang, r-devel-linux-x86_64-fedora-gcc, r-patched-linux-x86_64, r-release-linux-x86_64, r-release-macos-arm64, r-release-macos-x86_64, r-release-windows-x86_64, r-oldrel-macos-arm64, r-oldrel-macos-x86_64, r-oldrel-windows-ix86+x86_64