Last updated on 2022-04-24 03:52:25 CEST.
Flavor | Version | Tinstall | Tcheck | Ttotal | Status | Flags |
---|---|---|---|---|---|---|
r-devel-linux-x86_64-debian-clang | 3042.89.1 | 74.36 | 189.06 | 263.42 | OK | |
r-devel-linux-x86_64-debian-gcc | 3042.89.1 | 58.72 | 139.97 | 198.69 | OK | |
r-devel-linux-x86_64-fedora-clang | 3042.89.1 | 333.76 | NOTE | |||
r-devel-linux-x86_64-fedora-gcc | 3042.89.1 | 298.13 | NOTE | |||
r-patched-linux-x86_64 | 3042.89.1 | 73.62 | 179.28 | 252.90 | OK | |
r-release-linux-x86_64 | 3042.89.1 | 71.36 | 175.01 | 246.37 | OK | |
r-release-macos-arm64 | 3042.89.1 | OK | ||||
r-release-macos-x86_64 | 3042.89.1 | OK | ||||
r-release-windows-x86_64 | 3042.89.1 | 149.00 | 194.00 | 343.00 | OK | |
r-oldrel-macos-arm64 | 3042.89.1 | OK | ||||
r-oldrel-macos-x86_64 | 3042.89.1 | OK | ||||
r-oldrel-windows-ix86+x86_64 | 3042.89.1 | 112.00 | 245.00 | 357.00 | OK |
Version: 3042.89.1
Check: compiled code
Result: NOTE
File ‘fBasics/libs/fBasics.so’:
Found no calls to: ‘R_registerRoutines’, ‘R_useDynamicSymbols’
It is good practice to register native routines and to disable symbol
search.
See ‘Writing portable packages’ in the ‘Writing R Extensions’ manual.
Flavors: r-devel-linux-x86_64-fedora-clang, r-devel-linux-x86_64-fedora-gcc