Last updated on 2022-04-24 03:52:25 CEST.
Flavor | Version | Tinstall | Tcheck | Ttotal | Status | Flags |
---|---|---|---|---|---|---|
r-devel-linux-x86_64-debian-clang | 3042.78 | 5.16 | 62.40 | 67.56 | NOTE | |
r-devel-linux-x86_64-debian-gcc | 3042.78 | 4.89 | 46.35 | 51.24 | NOTE | |
r-devel-linux-x86_64-fedora-clang | 3042.78 | 79.56 | NOTE | |||
r-devel-linux-x86_64-fedora-gcc | 3042.78 | 67.55 | NOTE | |||
r-patched-linux-x86_64 | 3042.78 | 6.43 | 59.06 | 65.49 | NOTE | |
r-release-linux-x86_64 | 3042.78 | 5.47 | 55.31 | 60.78 | NOTE | |
r-release-macos-arm64 | 3042.78 | NOTE | ||||
r-release-macos-x86_64 | 3042.78 | NOTE | ||||
r-release-windows-x86_64 | 3042.78 | 11.00 | 75.00 | 86.00 | NOTE | |
r-oldrel-macos-arm64 | 3042.78 | NOTE | ||||
r-oldrel-macos-x86_64 | 3042.78 | NOTE | ||||
r-oldrel-windows-ix86+x86_64 | 3042.78 | 12.00 | 64.00 | 76.00 | NOTE |
Version: 3042.78
Check: LazyData
Result: NOTE
'LazyData' is specified without a 'data' directory
Flavors: r-devel-linux-x86_64-debian-clang, r-devel-linux-x86_64-debian-gcc, r-devel-linux-x86_64-fedora-clang, r-devel-linux-x86_64-fedora-gcc, r-patched-linux-x86_64, r-release-linux-x86_64, r-release-macos-arm64, r-release-macos-x86_64, r-release-windows-x86_64, r-oldrel-macos-arm64, r-oldrel-macos-x86_64, r-oldrel-windows-ix86+x86_64