Last updated on 2022-04-24 03:52:25 CEST.
Flavor | Version | Tinstall | Tcheck | Ttotal | Status | Flags |
---|---|---|---|---|---|---|
r-devel-linux-x86_64-debian-clang | 3042.83.2 | 12.82 | 102.46 | 115.28 | OK | |
r-devel-linux-x86_64-debian-gcc | 3042.83.2 | 11.04 | 77.74 | 88.78 | OK | |
r-devel-linux-x86_64-fedora-clang | 3042.83.2 | 137.28 | NOTE | |||
r-devel-linux-x86_64-fedora-gcc | 3042.83.2 | 123.38 | NOTE | |||
r-patched-linux-x86_64 | 3042.83.2 | 10.95 | 97.29 | 108.24 | OK | |
r-release-linux-x86_64 | 3042.83.2 | 10.92 | 95.13 | 106.05 | OK | |
r-release-macos-arm64 | 3042.83.2 | OK | ||||
r-release-macos-x86_64 | 3042.83.2 | OK | ||||
r-release-windows-x86_64 | 3042.83.2 | 55.00 | 185.00 | 240.00 | OK | |
r-oldrel-macos-arm64 | 3042.83.2 | OK | ||||
r-oldrel-macos-x86_64 | 3042.83.2 | OK | ||||
r-oldrel-windows-ix86+x86_64 | 3042.83.2 | 26.00 | 156.00 | 182.00 | OK |
Version: 3042.83.2
Check: compiled code
Result: NOTE
File ‘fGarch/libs/fGarch.so’:
Found no calls to: ‘R_registerRoutines’, ‘R_useDynamicSymbols’
It is good practice to register native routines and to disable symbol
search.
See ‘Writing portable packages’ in the ‘Writing R Extensions’ manual.
Flavors: r-devel-linux-x86_64-fedora-clang, r-devel-linux-x86_64-fedora-gcc