Last updated on 2022-04-24 03:52:25 CEST.
Flavor | Version | Tinstall | Tcheck | Ttotal | Status | Flags |
---|---|---|---|---|---|---|
r-devel-linux-x86_64-debian-clang | 1.0.1 | 31.14 | 94.73 | 125.87 | OK | |
r-devel-linux-x86_64-debian-gcc | 1.0.1 | 27.70 | 70.38 | 98.08 | OK | |
r-devel-linux-x86_64-fedora-clang | 1.0.1 | 163.24 | OK | |||
r-devel-linux-x86_64-fedora-gcc | 1.0.1 | 144.72 | OK | |||
r-patched-linux-x86_64 | 1.0.1 | 31.33 | 90.49 | 121.82 | OK | |
r-release-linux-x86_64 | 1.0.1 | 30.70 | 93.80 | 124.50 | OK | |
r-release-macos-arm64 | 1.0.1 | OK | ||||
r-release-macos-x86_64 | 1.0.1 | OK | ||||
r-release-windows-x86_64 | 1.0.1 | 67.00 | 152.00 | 219.00 | OK | |
r-oldrel-macos-arm64 | 1.0.1 | OK | ||||
r-oldrel-macos-x86_64 | 1.0.1 | OK | ||||
r-oldrel-windows-ix86+x86_64 | 1.0.1 | 80.00 | 166.00 | 246.00 | NOTE |
Version: 1.0.1
Check: installed package size
Result: NOTE
installed size is 5.3Mb
sub-directories of 1Mb or more:
extdata 1.1Mb
libs 2.2Mb
Flavor: r-oldrel-windows-ix86+x86_64