Last updated on 2022-04-24 03:52:25 CEST.
Flavor | Version | Tinstall | Tcheck | Ttotal | Status | Flags |
---|---|---|---|---|---|---|
r-devel-linux-x86_64-debian-clang | 0.8.6 | 40.65 | 194.24 | 234.89 | ERROR | |
r-devel-linux-x86_64-debian-gcc | 0.8.6 | 30.45 | 141.28 | 171.73 | ERROR | |
r-devel-linux-x86_64-fedora-clang | 0.8.6 | 306.47 | ERROR | |||
r-devel-linux-x86_64-fedora-gcc | 0.8.6 | 287.56 | ERROR | |||
r-patched-linux-x86_64 | 0.8.6 | 31.07 | 185.29 | 216.36 | ERROR | |
r-release-linux-x86_64 | 0.8.6 | 33.47 | 182.40 | 215.87 | WARN | |
r-release-macos-arm64 | 0.8.6 | OK | ||||
r-release-macos-x86_64 | 0.8.6 | OK | ||||
r-release-windows-x86_64 | 0.8.6 | 79.00 | 254.00 | 333.00 | OK | |
r-oldrel-macos-arm64 | 0.8.6 | OK | ||||
r-oldrel-macos-x86_64 | 0.8.6 | OK | ||||
r-oldrel-windows-ix86+x86_64 | 0.8.6 | 87.00 | 430.00 | 517.00 | OK |
Version: 0.8.6
Check: package dependencies
Result: NOTE
Package suggested but not available for checking: 'neurobase'
Flavors: r-devel-linux-x86_64-debian-clang, r-devel-linux-x86_64-debian-gcc, r-devel-linux-x86_64-fedora-clang, r-devel-linux-x86_64-fedora-gcc, r-patched-linux-x86_64, r-release-linux-x86_64
Version: 0.8.6
Check: re-building of vignette outputs
Result: ERROR
Error(s) in re-building vignettes:
...
--- re-building 'projection_scrubbing.rmd' using rmarkdown
Quitting from lines 84-86 (projection_scrubbing.rmd)
Error: processing vignette 'projection_scrubbing.rmd' failed with diagnostics:
there is no package called 'neurobase'
--- failed re-building 'projection_scrubbing.rmd'
SUMMARY: processing the following file failed:
'projection_scrubbing.rmd'
Error: Vignette re-building failed.
Execution halted
Flavors: r-devel-linux-x86_64-debian-clang, r-devel-linux-x86_64-debian-gcc, r-patched-linux-x86_64
Version: 0.8.6
Check: whether package can be installed
Result: WARN
Found the following significant warnings:
/usr/include/x86_64-linux-gnu/bits/string_fortified.h:59:33: warning: ‘void* __builtin_memset(void*, int, long unsigned int)’ forming offset [176, 183] is out of the bounds [0, 176] of object ‘tp’ with type ‘arma::vec’ {aka ‘arma::Col<double>’} [-Warray-bounds]
Flavor: r-devel-linux-x86_64-debian-gcc
Version: 0.8.6
Check: re-building of vignette outputs
Result: ERROR
Error(s) in re-building vignettes:
--- re-building ‘projection_scrubbing.rmd’ using rmarkdown
Quitting from lines 84-86 (projection_scrubbing.rmd)
Error: processing vignette 'projection_scrubbing.rmd' failed with diagnostics:
there is no package called 'neurobase'
--- failed re-building ‘projection_scrubbing.rmd’
SUMMARY: processing the following file failed:
‘projection_scrubbing.rmd’
Error: Vignette re-building failed.
Execution halted
Flavors: r-devel-linux-x86_64-fedora-clang, r-devel-linux-x86_64-fedora-gcc
Version: 0.8.6
Check: re-building of vignette outputs
Result: WARN
Error(s) in re-building vignettes:
...
--- re-building ‘projection_scrubbing.rmd’ using rmarkdown
Quitting from lines 84-86 (projection_scrubbing.rmd)
Error: processing vignette 'projection_scrubbing.rmd' failed with diagnostics:
there is no package called 'neurobase'
--- failed re-building ‘projection_scrubbing.rmd’
SUMMARY: processing the following file failed:
‘projection_scrubbing.rmd’
Error: Vignette re-building failed.
Execution halted
Flavor: r-release-linux-x86_64