Last updated on 2022-04-24 03:52:25 CEST.
Flavor | Version | Tinstall | Tcheck | Ttotal | Status | Flags |
---|---|---|---|---|---|---|
r-devel-linux-x86_64-debian-clang | 3042.79 | 6.21 | 90.96 | 97.17 | NOTE | |
r-devel-linux-x86_64-debian-gcc | 3042.79 | 6.59 | 68.31 | 74.90 | NOTE | |
r-devel-linux-x86_64-fedora-clang | 3042.79 | 117.83 | NOTE | |||
r-devel-linux-x86_64-fedora-gcc | 3042.79 | 105.19 | NOTE | |||
r-patched-linux-x86_64 | 3042.79 | 6.51 | 89.45 | 95.96 | NOTE | |
r-release-linux-x86_64 | 3042.79 | 6.70 | 84.20 | 90.90 | NOTE | |
r-release-macos-arm64 | 3042.79 | NOTE | ||||
r-release-macos-x86_64 | 3042.79 | NOTE | ||||
r-release-windows-x86_64 | 3042.79 | 27.00 | 113.00 | 140.00 | NOTE | |
r-oldrel-macos-arm64 | 3042.79 | NOTE | ||||
r-oldrel-macos-x86_64 | 3042.79 | NOTE | ||||
r-oldrel-windows-ix86+x86_64 | 3042.79 | 17.00 | 144.00 | 161.00 | NOTE |
Version: 3042.79
Check: LazyData
Result: NOTE
'LazyData' is specified without a 'data' directory
Flavors: r-devel-linux-x86_64-debian-clang, r-devel-linux-x86_64-debian-gcc, r-devel-linux-x86_64-fedora-clang, r-devel-linux-x86_64-fedora-gcc, r-patched-linux-x86_64, r-release-linux-x86_64, r-release-macos-arm64, r-release-macos-x86_64, r-release-windows-x86_64, r-oldrel-macos-arm64, r-oldrel-macos-x86_64, r-oldrel-windows-ix86+x86_64
Version: 3042.79
Check: compiled code
Result: NOTE
File ‘fNonlinear/libs/fNonlinear.so’:
Found no calls to: ‘R_registerRoutines’, ‘R_useDynamicSymbols’
It is good practice to register native routines and to disable symbol
search.
See ‘Writing portable packages’ in the ‘Writing R Extensions’ manual.
Flavors: r-devel-linux-x86_64-fedora-clang, r-devel-linux-x86_64-fedora-gcc