Last updated on 2022-04-24 03:52:26 CEST.
Flavor | Version | Tinstall | Tcheck | Ttotal | Status | Flags |
---|---|---|---|---|---|---|
r-devel-linux-x86_64-debian-clang | 3042.83.1 | 26.26 | 178.88 | 205.14 | NOTE | |
r-devel-linux-x86_64-debian-gcc | 3042.83.1 | 18.51 | 131.69 | 150.20 | NOTE | |
r-devel-linux-x86_64-fedora-clang | 3042.83.1 | 263.31 | NOTE | |||
r-devel-linux-x86_64-fedora-gcc | 3042.83.1 | 251.26 | NOTE | |||
r-patched-linux-x86_64 | 3042.83.1 | 21.69 | 168.39 | 190.08 | NOTE | |
r-release-linux-x86_64 | 3042.83.1 | 21.30 | 162.57 | 183.87 | NOTE | |
r-release-macos-arm64 | 3042.83.1 | NOTE | ||||
r-release-macos-x86_64 | 3042.83.1 | NOTE | ||||
r-release-windows-x86_64 | 3042.83.1 | 163.00 | 171.00 | 334.00 | NOTE | |
r-oldrel-macos-arm64 | 3042.83.1 | NOTE | ||||
r-oldrel-macos-x86_64 | 3042.83.1 | NOTE | ||||
r-oldrel-windows-ix86+x86_64 | 3042.83.1 | 46.00 | 170.00 | 216.00 | NOTE |
Version: 3042.83.1
Check: package dependencies
Result: NOTE
Packages suggested but not available for checking:
'Rsocp', 'Rnlminb2', 'Rdonlp2'
Flavors: r-devel-linux-x86_64-debian-clang, r-devel-linux-x86_64-debian-gcc, r-devel-linux-x86_64-fedora-clang, r-devel-linux-x86_64-fedora-gcc, r-patched-linux-x86_64, r-release-linux-x86_64, r-release-macos-x86_64, r-release-windows-x86_64, r-oldrel-macos-x86_64, r-oldrel-windows-ix86+x86_64
Version: 3042.83.1
Check: package dependencies
Result: NOTE
Packages suggested but not available for checking:
'Rsocp', 'Rnlminb2', 'Rdonlp2', 'Rsymphony'
Flavors: r-release-macos-arm64, r-oldrel-macos-arm64