Last updated on 2022-04-24 03:52:26 CEST.
Flavor | Version | Tinstall | Tcheck | Ttotal | Status | Flags |
---|---|---|---|---|---|---|
r-devel-linux-x86_64-debian-clang | 3042.82 | 9.26 | 78.07 | 87.33 | NOTE | |
r-devel-linux-x86_64-debian-gcc | 3042.82 | 7.23 | 60.10 | 67.33 | NOTE | |
r-devel-linux-x86_64-fedora-clang | 3042.82 | 104.52 | NOTE | |||
r-devel-linux-x86_64-fedora-gcc | 3042.82 | 90.84 | NOTE | |||
r-patched-linux-x86_64 | 3042.82 | 9.36 | 75.47 | 84.83 | NOTE | |
r-release-linux-x86_64 | 3042.82 | 8.84 | 70.00 | 78.84 | NOTE | |
r-release-macos-arm64 | 3042.82 | NOTE | ||||
r-release-macos-x86_64 | 3042.82 | NOTE | ||||
r-release-windows-x86_64 | 3042.82 | 60.00 | 93.00 | 153.00 | NOTE | |
r-oldrel-macos-arm64 | 3042.82 | NOTE | ||||
r-oldrel-macos-x86_64 | 3042.82 | NOTE | ||||
r-oldrel-windows-ix86+x86_64 | 3042.82 | 17.00 | 84.00 | 101.00 | NOTE |
Version: 3042.82
Check: LazyData
Result: NOTE
'LazyData' is specified without a 'data' directory
Flavors: r-devel-linux-x86_64-debian-clang, r-devel-linux-x86_64-debian-gcc, r-devel-linux-x86_64-fedora-clang, r-devel-linux-x86_64-fedora-gcc, r-patched-linux-x86_64, r-release-linux-x86_64, r-release-macos-arm64, r-release-macos-x86_64, r-release-windows-x86_64, r-oldrel-macos-arm64, r-oldrel-macos-x86_64, r-oldrel-windows-ix86+x86_64