Last updated on 2022-04-24 03:52:26 CEST.
Flavor | Version | Tinstall | Tcheck | Ttotal | Status | Flags |
---|---|---|---|---|---|---|
r-devel-linux-x86_64-debian-clang | 3042.79 | 5.50 | 66.85 | 72.35 | NOTE | |
r-devel-linux-x86_64-debian-gcc | 3042.79 | 5.06 | 50.34 | 55.40 | NOTE | |
r-devel-linux-x86_64-fedora-clang | 3042.79 | 87.53 | NOTE | |||
r-devel-linux-x86_64-fedora-gcc | 3042.79 | 75.21 | NOTE | |||
r-patched-linux-x86_64 | 3042.79 | 6.06 | 63.74 | 69.80 | NOTE | |
r-release-linux-x86_64 | 3042.79 | 4.33 | 60.89 | 65.22 | NOTE | |
r-release-macos-arm64 | 3042.79 | NOTE | ||||
r-release-macos-x86_64 | 3042.79 | NOTE | ||||
r-release-windows-x86_64 | 3042.79 | 23.00 | 78.00 | 101.00 | NOTE | |
r-oldrel-macos-arm64 | 3042.79 | NOTE | ||||
r-oldrel-macos-x86_64 | 3042.79 | NOTE | ||||
r-oldrel-windows-ix86+x86_64 | 3042.79 | 13.00 | 74.00 | 87.00 | NOTE |
Version: 3042.79
Check: LazyData
Result: NOTE
'LazyData' is specified without a 'data' directory
Flavors: r-devel-linux-x86_64-debian-clang, r-devel-linux-x86_64-debian-gcc, r-devel-linux-x86_64-fedora-clang, r-devel-linux-x86_64-fedora-gcc, r-patched-linux-x86_64, r-release-linux-x86_64, r-release-macos-arm64, r-release-macos-x86_64, r-release-windows-x86_64, r-oldrel-macos-arm64, r-oldrel-macos-x86_64, r-oldrel-windows-ix86+x86_64