Last updated on 2022-04-24 03:52:26 CEST.
Flavor | Version | Tinstall | Tcheck | Ttotal | Status | Flags |
---|---|---|---|---|---|---|
r-devel-linux-x86_64-debian-clang | 3042.79 | 7.54 | 70.62 | 78.16 | NOTE | |
r-devel-linux-x86_64-debian-gcc | 3042.79 | 5.78 | 54.82 | 60.60 | NOTE | |
r-devel-linux-x86_64-fedora-clang | 3042.79 | 93.21 | NOTE | |||
r-devel-linux-x86_64-fedora-gcc | 3042.79 | 77.89 | NOTE | |||
r-patched-linux-x86_64 | 3042.79 | 8.80 | 68.36 | 77.16 | NOTE | |
r-release-linux-x86_64 | 3042.79 | 7.25 | 66.16 | 73.41 | NOTE | |
r-release-macos-arm64 | 3042.79 | NOTE | ||||
r-release-macos-x86_64 | 3042.79 | NOTE | ||||
r-release-windows-x86_64 | 3042.79 | 26.00 | 85.00 | 111.00 | NOTE | |
r-oldrel-macos-arm64 | 3042.79 | NOTE | ||||
r-oldrel-macos-x86_64 | 3042.79 | NOTE | ||||
r-oldrel-windows-ix86+x86_64 | 3042.79 | 17.00 | 92.00 | 109.00 | NOTE |
Version: 3042.79
Check: LazyData
Result: NOTE
'LazyData' is specified without a 'data' directory
Flavors: r-devel-linux-x86_64-debian-clang, r-devel-linux-x86_64-debian-gcc, r-devel-linux-x86_64-fedora-clang, r-devel-linux-x86_64-fedora-gcc, r-patched-linux-x86_64, r-release-linux-x86_64, r-release-macos-arm64, r-release-macos-x86_64, r-release-windows-x86_64, r-oldrel-macos-arm64, r-oldrel-macos-x86_64, r-oldrel-windows-ix86+x86_64
Version: 3042.79
Check: compiled code
Result: NOTE
File ‘fUnitRoots/libs/fUnitRoots.so’:
Found no calls to: ‘R_registerRoutines’, ‘R_useDynamicSymbols’
It is good practice to register native routines and to disable symbol
search.
See ‘Writing portable packages’ in the ‘Writing R Extensions’ manual.
Flavors: r-devel-linux-x86_64-fedora-clang, r-devel-linux-x86_64-fedora-gcc