Last updated on 2022-04-24 03:52:25 CEST.
Flavor | Version | Tinstall | Tcheck | Ttotal | Status | Flags |
---|---|---|---|---|---|---|
r-devel-linux-x86_64-debian-clang | 0.3.1 | 31.53 | 235.33 | 266.86 | OK | |
r-devel-linux-x86_64-debian-gcc | 0.3.1 | 25.57 | 168.40 | 193.97 | OK | |
r-devel-linux-x86_64-fedora-clang | 0.3.1 | 316.08 | NOTE | |||
r-devel-linux-x86_64-fedora-gcc | 0.3.1 | 297.39 | OK | |||
r-patched-linux-x86_64 | 0.3.1 | 29.82 | 219.25 | 249.07 | OK | |
r-release-linux-x86_64 | 0.3.1 | 26.21 | 218.04 | 244.25 | OK | |
r-release-macos-arm64 | 0.3.1 | OK | ||||
r-release-macos-x86_64 | 0.3.1 | OK | ||||
r-release-windows-x86_64 | 0.3.1 | 63.00 | 282.00 | 345.00 | OK | |
r-oldrel-macos-arm64 | 0.3.1 | OK | ||||
r-oldrel-macos-x86_64 | 0.3.1 | OK | ||||
r-oldrel-windows-ix86+x86_64 | 0.3.1 | 73.00 | 445.00 | 518.00 | OK |
Version: 0.3.1
Check: Rd cross-references
Result: NOTE
Undeclared package ‘lmtest’ in Rd xrefs
Flavor: r-devel-linux-x86_64-fedora-clang