Last updated on 2022-04-24 03:52:25 CEST.
Flavor | Version | Tinstall | Tcheck | Ttotal | Status | Flags |
---|---|---|---|---|---|---|
r-devel-linux-x86_64-debian-clang | 0.1.0 | 9.45 | 151.53 | 160.98 | NOTE | |
r-devel-linux-x86_64-debian-gcc | 0.1.0 | 7.06 | 107.84 | 114.90 | NOTE | |
r-devel-linux-x86_64-fedora-clang | 0.1.0 | 191.59 | NOTE | |||
r-devel-linux-x86_64-fedora-gcc | 0.1.0 | 170.34 | NOTE | |||
r-patched-linux-x86_64 | 0.1.0 | 8.01 | 139.23 | 147.24 | NOTE | |
r-release-linux-x86_64 | 0.1.0 | 0.34 | 11.54 | 11.88 | ERROR | |
r-release-macos-arm64 | 0.1.0 | NOTE | ||||
r-release-macos-x86_64 | 0.1.0 | NOTE | ||||
r-release-windows-x86_64 | 0.1.0 | 29.00 | 165.00 | 194.00 | NOTE | |
r-oldrel-macos-arm64 | 0.1.0 | NOTE | ||||
r-oldrel-macos-x86_64 | 0.1.0 | NOTE | ||||
r-oldrel-windows-ix86+x86_64 | 0.1.0 | 21.00 | 158.00 | 179.00 | NOTE |
Version: 0.1.0
Check: LazyData
Result: NOTE
'LazyData' is specified without a 'data' directory
Flavors: r-devel-linux-x86_64-debian-clang, r-devel-linux-x86_64-debian-gcc, r-devel-linux-x86_64-fedora-clang, r-devel-linux-x86_64-fedora-gcc, r-patched-linux-x86_64, r-release-macos-arm64, r-release-macos-x86_64, r-release-windows-x86_64, r-oldrel-macos-arm64, r-oldrel-macos-x86_64, r-oldrel-windows-ix86+x86_64
Version: 0.1.0
Check: Rd cross-references
Result: NOTE
Undeclared package ‘tibble’ in Rd xrefs
Flavor: r-devel-linux-x86_64-fedora-clang
Version: 0.1.0
Check: package dependencies
Result: ERROR
Package required but not available: ‘prophet’
See section ‘The DESCRIPTION file’ in the ‘Writing R Extensions’
manual.
Flavor: r-release-linux-x86_64