Last updated on 2022-04-24 03:52:25 CEST.
Flavor | Version | Tinstall | Tcheck | Ttotal | Status | Flags |
---|---|---|---|---|---|---|
r-devel-linux-x86_64-debian-clang | 0.3.2 | 17.43 | 239.88 | 257.31 | OK | |
r-devel-linux-x86_64-debian-gcc | 0.3.2 | 14.83 | 174.43 | 189.26 | OK | |
r-devel-linux-x86_64-fedora-clang | 0.3.2 | 307.18 | NOTE | |||
r-devel-linux-x86_64-fedora-gcc | 0.3.2 | 279.37 | OK | |||
r-patched-linux-x86_64 | 0.3.2 | 23.05 | 223.63 | 246.68 | OK | |
r-release-linux-x86_64 | 0.3.2 | 14.06 | 207.99 | 222.05 | OK | |
r-release-macos-arm64 | 0.3.2 | OK | ||||
r-release-macos-x86_64 | 0.3.2 | OK | ||||
r-release-windows-x86_64 | 0.3.2 | 137.00 | 244.00 | 381.00 | OK | |
r-oldrel-macos-arm64 | 0.3.2 | OK | ||||
r-oldrel-macos-x86_64 | 0.3.2 | OK | ||||
r-oldrel-windows-ix86+x86_64 | 0.3.2 | 32.00 | 248.00 | 280.00 | OK |
Version: 0.3.2
Check: Rd cross-references
Result: NOTE
Undeclared package ‘future’ in Rd xrefs
Flavor: r-devel-linux-x86_64-fedora-clang