Last updated on 2022-04-24 03:52:25 CEST.
Flavor | Version | Tinstall | Tcheck | Ttotal | Status | Flags |
---|---|---|---|---|---|---|
r-devel-linux-x86_64-debian-clang | 0.1.0 | 5.46 | 63.34 | 68.80 | NOTE | |
r-devel-linux-x86_64-debian-gcc | 0.1.0 | 4.41 | 47.08 | 51.49 | NOTE | |
r-devel-linux-x86_64-fedora-clang | 0.1.0 | 81.95 | NOTE | |||
r-devel-linux-x86_64-fedora-gcc | 0.1.0 | 69.40 | NOTE | |||
r-patched-linux-x86_64 | 0.1.0 | 5.16 | 59.62 | 64.78 | NOTE | |
r-release-linux-x86_64 | 0.1.0 | 4.39 | 56.55 | 60.94 | NOTE | |
r-release-macos-arm64 | 0.1.0 | NOTE | ||||
r-release-macos-x86_64 | 0.1.0 | NOTE | ||||
r-release-windows-x86_64 | 0.1.0 | 20.00 | 80.00 | 100.00 | NOTE | |
r-oldrel-macos-arm64 | 0.1.0 | NOTE | ||||
r-oldrel-macos-x86_64 | 0.1.0 | NOTE | ||||
r-oldrel-windows-ix86+x86_64 | 0.1.0 | 14.00 | 70.00 | 84.00 | NOTE |
Version: 0.1.0
Check: LazyData
Result: NOTE
'LazyData' is specified without a 'data' directory
Flavors: r-devel-linux-x86_64-debian-clang, r-devel-linux-x86_64-debian-gcc, r-devel-linux-x86_64-fedora-clang, r-devel-linux-x86_64-fedora-gcc, r-patched-linux-x86_64, r-release-linux-x86_64, r-release-macos-arm64, r-release-macos-x86_64, r-release-windows-x86_64, r-oldrel-macos-arm64, r-oldrel-macos-x86_64, r-oldrel-windows-ix86+x86_64