Last updated on 2022-04-24 03:52:25 CEST.
Flavor | Version | Tinstall | Tcheck | Ttotal | Status | Flags |
---|---|---|---|---|---|---|
r-devel-linux-x86_64-debian-clang | 0.4.0 | 15.90 | 215.89 | 231.79 | OK | |
r-devel-linux-x86_64-debian-gcc | 0.4.0 | 12.84 | 156.70 | 169.54 | OK | |
r-devel-linux-x86_64-fedora-clang | 0.4.0 | 263.39 | NOTE | |||
r-devel-linux-x86_64-fedora-gcc | 0.4.0 | 249.13 | NOTE | |||
r-patched-linux-x86_64 | 0.4.0 | 17.81 | 194.91 | 212.72 | OK | |
r-release-linux-x86_64 | 0.4.0 | 13.47 | 199.17 | 212.64 | OK | |
r-release-macos-arm64 | 0.4.0 | NOTE | ||||
r-release-macos-x86_64 | 0.4.0 | NOTE | ||||
r-release-windows-x86_64 | 0.4.0 | 62.00 | 231.00 | 293.00 | OK | |
r-oldrel-macos-arm64 | 0.4.0 | NOTE | ||||
r-oldrel-macos-x86_64 | 0.4.0 | NOTE | ||||
r-oldrel-windows-ix86+x86_64 | 0.4.0 | 35.00 | 232.00 | 267.00 | OK |
Version: 0.4.0
Check: dependencies in R code
Result: NOTE
Namespaces in Imports field not imported from:
‘forcats’ ‘formula.tools’
All declared Imports should be used.
Flavors: r-devel-linux-x86_64-fedora-clang, r-devel-linux-x86_64-fedora-gcc, r-release-macos-arm64, r-release-macos-x86_64, r-oldrel-macos-arm64, r-oldrel-macos-x86_64