Last updated on 2022-04-24 03:52:25 CEST.
Flavor | Version | Tinstall | Tcheck | Ttotal | Status | Flags |
---|---|---|---|---|---|---|
r-devel-linux-x86_64-debian-clang | 1.0.1 | 103.19 | 119.31 | 222.50 | OK | |
r-devel-linux-x86_64-debian-gcc | 1.0.1 | 89.84 | 87.00 | 176.84 | OK | |
r-devel-linux-x86_64-fedora-clang | 1.0.1 | 310.95 | NOTE | |||
r-devel-linux-x86_64-fedora-gcc | 1.0.1 | 3.08 | ERROR | |||
r-patched-linux-x86_64 | 1.0.1 | 96.21 | 112.78 | 208.99 | OK | |
r-release-linux-x86_64 | 1.0.1 | 96.67 | 111.17 | 207.84 | OK | |
r-release-macos-arm64 | 1.0.1 | NOTE | ||||
r-release-macos-x86_64 | 1.0.1 | NOTE | ||||
r-release-windows-x86_64 | 1.0.1 | 158.00 | 177.00 | 335.00 | OK | |
r-oldrel-macos-arm64 | 1.0.1 | NOTE | ||||
r-oldrel-macos-x86_64 | 1.0.1 | NOTE | ||||
r-oldrel-windows-ix86+x86_64 | 1.0.1 | 244.00 | 183.00 | 427.00 | NOTE |
Version: 1.0.1
Check: installed package size
Result: NOTE
installed size is 6.4Mb
sub-directories of 1Mb or more:
doc 2.5Mb
libs 3.5Mb
Flavors: r-devel-linux-x86_64-fedora-clang, r-release-macos-arm64, r-release-macos-x86_64, r-oldrel-macos-arm64, r-oldrel-macos-x86_64, r-oldrel-windows-ix86+x86_64
Version: 1.0.1
Check: package dependencies
Result: ERROR
Package required but not available: ‘GIGrvg’
See section ‘The DESCRIPTION file’ in the ‘Writing R Extensions’
manual.
Flavor: r-devel-linux-x86_64-fedora-gcc