Last updated on 2022-04-24 03:52:25 CEST.
Flavor | Version | Tinstall | Tcheck | Ttotal | Status | Flags |
---|---|---|---|---|---|---|
r-devel-linux-x86_64-debian-clang | 3.0.1 | 39.09 | 44.97 | 84.06 | NOTE | |
r-devel-linux-x86_64-debian-gcc | 3.0.1 | 32.52 | 34.21 | 66.73 | NOTE | |
r-devel-linux-x86_64-fedora-clang | 3.0.1 | 107.33 | NOTE | |||
r-devel-linux-x86_64-fedora-gcc | 3.0.1 | 95.39 | NOTE | |||
r-patched-linux-x86_64 | 3.0.1 | 40.34 | 42.69 | 83.03 | NOTE | |
r-release-linux-x86_64 | 3.0.1 | 36.96 | 41.77 | 78.73 | NOTE | |
r-release-macos-arm64 | 3.0.1 | NOTE | ||||
r-release-macos-x86_64 | 3.0.1 | NOTE | ||||
r-release-windows-x86_64 | 3.0.1 | 1061.00 | 62.00 | 1123.00 | NOTE | |
r-oldrel-macos-arm64 | 3.0.1 | NOTE | ||||
r-oldrel-macos-x86_64 | 3.0.1 | NOTE | ||||
r-oldrel-windows-ix86+x86_64 | 3.0.1 | 56.00 | 48.00 | 104.00 | NOTE |
Version: 3.0.1
Check: LazyData
Result: NOTE
'LazyData' is specified without a 'data' directory
Flavors: r-devel-linux-x86_64-debian-clang, r-devel-linux-x86_64-debian-gcc, r-devel-linux-x86_64-fedora-clang, r-devel-linux-x86_64-fedora-gcc, r-patched-linux-x86_64, r-release-linux-x86_64, r-release-macos-arm64, r-release-macos-x86_64, r-release-windows-x86_64, r-oldrel-macos-arm64, r-oldrel-macos-x86_64, r-oldrel-windows-ix86+x86_64
Version: 3.0.1
Check: dependencies in R code
Result: NOTE
Namespaces in Imports field not imported from:
‘R6’ ‘caTools’ ‘httr’ ‘jsonlite’ ‘rlang’
All declared Imports should be used.
Flavors: r-devel-linux-x86_64-fedora-clang, r-devel-linux-x86_64-fedora-gcc, r-release-macos-arm64, r-release-macos-x86_64, r-oldrel-macos-arm64, r-oldrel-macos-x86_64