Last updated on 2022-04-24 03:52:25 CEST.
Flavor | Version | Tinstall | Tcheck | Ttotal | Status | Flags |
---|---|---|---|---|---|---|
r-devel-linux-x86_64-debian-clang | 1.0.3 | 2.46 | 44.01 | 46.47 | OK | |
r-devel-linux-x86_64-debian-gcc | 1.0.3 | 2.63 | 33.57 | 36.20 | OK | |
r-devel-linux-x86_64-fedora-clang | 1.0.3 | 57.49 | NOTE | |||
r-devel-linux-x86_64-fedora-gcc | 1.0.3 | 44.70 | NOTE | |||
r-patched-linux-x86_64 | 1.0.3 | 2.26 | 42.15 | 44.41 | OK | |
r-release-linux-x86_64 | 1.0.3 | 2.50 | 40.58 | 43.08 | OK | |
r-release-macos-x86_64 | 1.0.3 | NOTE | ||||
r-release-windows-x86_64 | 1.0.3 | 127.00 | 60.00 | 187.00 | OK | |
r-oldrel-macos-x86_64 | 1.0.3 | NOTE | ||||
r-oldrel-windows-ix86+x86_64 | 1.0.3 | 9.00 | 50.00 | 59.00 | OK |
Version: 1.0.3
Check: dependencies in R code
Result: NOTE
Namespace in Imports field not imported from: ‘R6’
All declared Imports should be used.
Flavors: r-devel-linux-x86_64-fedora-clang, r-devel-linux-x86_64-fedora-gcc, r-release-macos-x86_64, r-oldrel-macos-x86_64