Last updated on 2022-04-24 03:52:25 CEST.
Flavor | Version | Tinstall | Tcheck | Ttotal | Status | Flags |
---|---|---|---|---|---|---|
r-devel-linux-x86_64-debian-clang | 0.3-3 | 60.28 | 101.35 | 161.63 | NOTE | |
r-devel-linux-x86_64-debian-gcc | 0.3-3 | 50.94 | 78.75 | 129.69 | NOTE | |
r-devel-linux-x86_64-fedora-clang | 0.3-3 | 214.45 | NOTE | |||
r-devel-linux-x86_64-fedora-gcc | 0.3-3 | 196.48 | NOTE | |||
r-patched-linux-x86_64 | 0.3-3 | 60.27 | 99.64 | 159.91 | NOTE | |
r-release-linux-x86_64 | 0.3-3 | 61.70 | 84.41 | 146.11 | NOTE | |
r-release-macos-arm64 | 0.3-3 | NOTE | ||||
r-release-macos-x86_64 | 0.3-3 | NOTE | ||||
r-release-windows-x86_64 | 0.3-3 | 48.00 | 158.00 | 206.00 | NOTE | |
r-oldrel-macos-arm64 | 0.3-3 | NOTE | ||||
r-oldrel-macos-x86_64 | 0.3-3 | NOTE | ||||
r-oldrel-windows-ix86+x86_64 | 0.3-3 | 140.00 | 145.00 | 285.00 | NOTE |
Version: 0.3-3
Check: LazyData
Result: NOTE
'LazyData' is specified without a 'data' directory
Flavors: r-devel-linux-x86_64-debian-clang, r-devel-linux-x86_64-debian-gcc, r-devel-linux-x86_64-fedora-clang, r-devel-linux-x86_64-fedora-gcc, r-patched-linux-x86_64, r-release-linux-x86_64, r-release-macos-arm64, r-release-macos-x86_64, r-release-windows-x86_64, r-oldrel-macos-arm64, r-oldrel-macos-x86_64, r-oldrel-windows-ix86+x86_64
Version: 0.3-3
Check: installed package size
Result: NOTE
installed size is 7.1Mb
sub-directories of 1Mb or more:
libs 6.8Mb
Flavors: r-devel-linux-x86_64-fedora-clang, r-release-macos-arm64, r-release-macos-x86_64, r-oldrel-macos-arm64, r-oldrel-macos-x86_64