Last updated on 2022-04-24 03:52:25 CEST.
Flavor | Version | Tinstall | Tcheck | Ttotal | Status | Flags |
---|---|---|---|---|---|---|
r-devel-linux-x86_64-debian-clang | 1.15 | 1.93 | 31.95 | 33.88 | NOTE | |
r-devel-linux-x86_64-debian-gcc | 1.15 | 1.62 | 24.73 | 26.35 | NOTE | |
r-devel-linux-x86_64-fedora-clang | 1.15 | 41.24 | NOTE | |||
r-devel-linux-x86_64-fedora-gcc | 1.15 | 30.21 | NOTE | |||
r-patched-linux-x86_64 | 1.15 | 1.57 | 31.47 | 33.04 | NOTE | |
r-release-linux-x86_64 | 1.15 | 1.57 | 30.86 | 32.43 | NOTE | |
r-release-macos-arm64 | 1.15 | NOTE | ||||
r-release-macos-x86_64 | 1.15 | NOTE | ||||
r-release-windows-x86_64 | 1.15 | 13.00 | 50.00 | 63.00 | NOTE | |
r-oldrel-macos-arm64 | 1.15 | NOTE | ||||
r-oldrel-macos-x86_64 | 1.15 | NOTE | ||||
r-oldrel-windows-ix86+x86_64 | 1.15 | 4.00 | 26.00 | 30.00 | NOTE |
Version: 1.15
Check: R code for possible problems
Result: NOTE
faisalconjoint: no visible global function definition for 'barplot'
faisalconjoint: no visible global function definition for 'text'
faisalconjoint: no visible global function definition for 'jpeg'
faisalconjoint: no visible global function definition for 'dev.off'
Undefined global functions or variables:
barplot dev.off jpeg text
Consider adding
importFrom("grDevices", "dev.off", "jpeg")
importFrom("graphics", "barplot", "text")
to your NAMESPACE file.
Flavors: r-devel-linux-x86_64-debian-clang, r-devel-linux-x86_64-debian-gcc, r-devel-linux-x86_64-fedora-clang, r-devel-linux-x86_64-fedora-gcc, r-patched-linux-x86_64, r-release-linux-x86_64, r-release-macos-arm64, r-release-macos-x86_64, r-release-windows-x86_64, r-oldrel-macos-arm64, r-oldrel-macos-x86_64, r-oldrel-windows-ix86+x86_64
Version: 1.15
Check: for non-standard things in the check directory
Result: NOTE
Found the following files/directories:
'FCMgraph.jpg'
Flavors: r-devel-linux-x86_64-debian-clang, r-devel-linux-x86_64-debian-gcc, r-devel-linux-x86_64-fedora-clang, r-devel-linux-x86_64-fedora-gcc, r-patched-linux-x86_64, r-release-linux-x86_64