Last updated on 2022-04-24 03:52:25 CEST.
Flavor | Version | Tinstall | Tcheck | Ttotal | Status | Flags |
---|---|---|---|---|---|---|
r-devel-linux-x86_64-debian-clang | 1.0 | 3.31 | 58.71 | 62.02 | NOTE | |
r-devel-linux-x86_64-debian-gcc | 1.0 | 3.48 | 45.23 | 48.71 | NOTE | |
r-devel-linux-x86_64-fedora-clang | 1.0 | 74.36 | OK | |||
r-devel-linux-x86_64-fedora-gcc | 1.0 | 62.74 | OK | |||
r-patched-linux-x86_64 | 1.0 | 3.62 | 55.90 | 59.52 | NOTE | |
r-release-linux-x86_64 | 1.0 | 3.79 | 53.79 | 57.58 | NOTE | |
r-release-macos-arm64 | 1.0 | OK | ||||
r-release-macos-x86_64 | 1.0 | OK | ||||
r-release-windows-x86_64 | 1.0 | 11.00 | 82.00 | 93.00 | NOTE | |
r-oldrel-macos-arm64 | 1.0 | OK | ||||
r-oldrel-macos-x86_64 | 1.0 | OK | ||||
r-oldrel-windows-ix86+x86_64 | 1.0 | 10.00 | 72.00 | 82.00 | NOTE |
Version: 1.0
Check: package vignettes
Result: NOTE
Package vignette with placeholder title 'Vignette Title':
'my-vignette.Rmd'
Flavors: r-devel-linux-x86_64-debian-clang, r-devel-linux-x86_64-debian-gcc, r-patched-linux-x86_64, r-release-linux-x86_64, r-release-windows-x86_64, r-oldrel-windows-ix86+x86_64