Last updated on 2022-04-24 03:52:25 CEST.
Flavor | Version | Tinstall | Tcheck | Ttotal | Status | Flags |
---|---|---|---|---|---|---|
r-devel-linux-x86_64-debian-clang | 2.21.1 | 4.68 | 37.83 | 42.51 | NOTE | |
r-devel-linux-x86_64-debian-gcc | 2.21.1 | 3.57 | 29.01 | 32.58 | NOTE | |
r-devel-linux-x86_64-fedora-clang | 2.21.1 | 52.35 | NOTE | |||
r-devel-linux-x86_64-fedora-gcc | 2.21.1 | 40.20 | NOTE | |||
r-patched-linux-x86_64 | 2.21.1 | 4.26 | 36.68 | 40.94 | NOTE | |
r-release-linux-x86_64 | 2.21.1 | 4.04 | 36.18 | 40.22 | NOTE | |
r-release-macos-arm64 | 2.21.1 | NOTE | ||||
r-release-macos-x86_64 | 2.21.1 | NOTE | ||||
r-release-windows-x86_64 | 2.21.1 | 18.00 | 55.00 | 73.00 | NOTE | |
r-oldrel-macos-arm64 | 2.21.1 | NOTE | ||||
r-oldrel-macos-x86_64 | 2.21.1 | NOTE | ||||
r-oldrel-windows-ix86+x86_64 | 2.21.1 | 11.00 | 52.00 | 63.00 | NOTE |
Version: 2.21.1
Check: R code for possible problems
Result: NOTE
File 'fame/R/windows/zzz.R':
.onLoad calls:
packageStartupMessage("FAME environment variable not set; assuming ", defaultDir)
packageStartupMessage("FAME directory ", fameDir, " not found.\n", "If you have FAME installed, specify it's location ", "via the FAME environment variable.\n", "Otherwise, this package is pretty useless.\n")
See section 'Good practice' in '?.onAttach'.
Flavors: r-devel-linux-x86_64-debian-clang, r-devel-linux-x86_64-debian-gcc, r-devel-linux-x86_64-fedora-clang, r-devel-linux-x86_64-fedora-gcc, r-patched-linux-x86_64, r-release-linux-x86_64, r-release-macos-arm64, r-release-macos-x86_64, r-release-windows-x86_64, r-oldrel-macos-arm64, r-oldrel-macos-x86_64, r-oldrel-windows-ix86+x86_64
Version: 2.21.1
Check: compiled code
Result: NOTE
File ‘fame/libs/fame.so’:
Found no calls to: ‘R_registerRoutines’, ‘R_useDynamicSymbols’
It is good practice to register native routines and to disable symbol
search.
See ‘Writing portable packages’ in the ‘Writing R Extensions’ manual.
Flavors: r-devel-linux-x86_64-fedora-clang, r-devel-linux-x86_64-fedora-gcc