Last updated on 2022-04-24 03:52:25 CEST.
Flavor | Version | Tinstall | Tcheck | Ttotal | Status | Flags |
---|---|---|---|---|---|---|
r-devel-linux-x86_64-debian-clang | 1.1.0 | 63.41 | 532.91 | 596.32 | OK | |
r-devel-linux-x86_64-debian-gcc | 1.1.0 | 53.46 | 350.88 | 404.34 | OK | |
r-devel-linux-x86_64-fedora-clang | 1.1.0 | 676.17 | NOTE | |||
r-devel-linux-x86_64-fedora-gcc | 1.1.0 | 669.81 | OK | |||
r-patched-linux-x86_64 | 1.1.0 | 71.64 | 459.48 | 531.12 | OK | |
r-release-linux-x86_64 | 1.1.0 | 62.85 | 447.32 | 510.17 | OK | |
r-release-macos-arm64 | 1.1.0 | NOTE | ||||
r-release-macos-x86_64 | 1.1.0 | NOTE | ||||
r-release-windows-x86_64 | 1.1.0 | 548.00 | 370.00 | 918.00 | NOTE | |
r-oldrel-macos-arm64 | 1.1.0 | NOTE | ||||
r-oldrel-macos-x86_64 | 1.1.0 | NOTE | ||||
r-oldrel-windows-ix86+x86_64 | 1.1.0 | 103.00 | 387.00 | 490.00 | NOTE |
Version: 1.1.0
Check: installed package size
Result: NOTE
installed size is 5.2Mb
sub-directories of 1Mb or more:
R 3.1Mb
help 1.0Mb
Flavors: r-devel-linux-x86_64-fedora-clang, r-release-macos-arm64, r-release-macos-x86_64, r-release-windows-x86_64, r-oldrel-macos-arm64, r-oldrel-macos-x86_64, r-oldrel-windows-ix86+x86_64