Last updated on 2022-04-24 03:52:25 CEST.
Flavor | Version | Tinstall | Tcheck | Ttotal | Status | Flags |
---|---|---|---|---|---|---|
r-devel-linux-x86_64-debian-clang | 0.1.1 | 2.73 | 38.84 | 41.57 | NOTE | |
r-devel-linux-x86_64-debian-gcc | 0.1.1 | 2.04 | 30.46 | 32.50 | NOTE | |
r-devel-linux-x86_64-fedora-clang | 0.1.1 | 51.01 | NOTE | |||
r-devel-linux-x86_64-fedora-gcc | 0.1.1 | 39.63 | NOTE | |||
r-patched-linux-x86_64 | 0.1.1 | 2.45 | 37.74 | 40.19 | NOTE | |
r-release-linux-x86_64 | 0.1.1 | 2.48 | 35.89 | 38.37 | NOTE | |
r-release-macos-arm64 | 0.1.1 | NOTE | ||||
r-release-macos-x86_64 | 0.1.1 | WARN | ||||
r-release-windows-x86_64 | 0.1.1 | 9.00 | 61.00 | 70.00 | NOTE | |
r-oldrel-macos-arm64 | 0.1.1 | NOTE | ||||
r-oldrel-macos-x86_64 | 0.1.1 | WARN | ||||
r-oldrel-windows-ix86+x86_64 | 0.1.1 | 6.00 | 47.00 | 53.00 | NOTE |
Version: 0.1.1
Check: LazyData
Result: NOTE
'LazyData' is specified without a 'data' directory
Flavors: r-devel-linux-x86_64-debian-clang, r-devel-linux-x86_64-debian-gcc, r-devel-linux-x86_64-fedora-clang, r-devel-linux-x86_64-fedora-gcc, r-patched-linux-x86_64, r-release-linux-x86_64, r-release-macos-arm64, r-release-macos-x86_64, r-release-windows-x86_64, r-oldrel-macos-arm64, r-oldrel-macos-x86_64, r-oldrel-windows-ix86+x86_64
Version: 0.1.1
Check: re-building of vignette outputs
Result: WARN
Error(s) in re-building vignettes:
...
--- re-building ‘Intro-faq.Rmd’ using rmarkdown
Warning in engine$weave(file, quiet = quiet, encoding = enc) :
Pandoc (>= 1.12.3) not available. Falling back to R Markdown v1.
Quitting from lines 26-34 (Intro-faq.Rmd)
Error: processing vignette 'Intro-faq.Rmd' failed with diagnostics:
invalid 'path' argument
--- failed re-building ‘Intro-faq.Rmd’
SUMMARY: processing the following file failed:
‘Intro-faq.Rmd’
Error: Vignette re-building failed.
Execution halted
Flavors: r-release-macos-x86_64, r-oldrel-macos-x86_64