Last updated on 2022-04-24 03:52:25 CEST.
| Flavor | Version | Tinstall | Tcheck | Ttotal | Status | Flags | 
|---|---|---|---|---|---|---|
| r-devel-linux-x86_64-debian-clang | 2.1.0 | 29.96 | 34.81 | 64.77 | OK | |
| r-devel-linux-x86_64-debian-gcc | 2.1.0 | 30.18 | 26.16 | 56.34 | OK | |
| r-devel-linux-x86_64-fedora-clang | 2.1.0 | 91.75 | OK | |||
| r-devel-linux-x86_64-fedora-gcc | 2.1.0 | 85.62 | OK | |||
| r-patched-linux-x86_64 | 2.1.0 | 36.58 | 32.47 | 69.05 | OK | |
| r-release-linux-x86_64 | 2.1.0 | 35.30 | 32.51 | 67.81 | OK | |
| r-release-macos-arm64 | 2.1.0 | NOTE | ||||
| r-release-macos-x86_64 | 2.1.0 | OK | ||||
| r-release-windows-x86_64 | 2.1.0 | 60.00 | 60.00 | 120.00 | OK | |
| r-oldrel-macos-arm64 | 2.1.0 | NOTE | ||||
| r-oldrel-macos-x86_64 | 2.1.0 | OK | ||||
| r-oldrel-windows-ix86+x86_64 | 2.1.0 | 86.00 | 54.00 | 140.00 | OK | 
Version: 2.1.0
Check: installed package size
Result: NOTE
      installed size is  5.6Mb
      sub-directories of 1Mb or more:
        help   1.6Mb
        libs   3.9Mb
Flavors: r-release-macos-arm64, r-oldrel-macos-arm64