Last updated on 2022-04-24 03:52:25 CEST.
Flavor | Version | Tinstall | Tcheck | Ttotal | Status | Flags |
---|---|---|---|---|---|---|
r-devel-linux-x86_64-debian-clang | 1.0.0 | 41.74 | 43.89 | 85.63 | NOTE | |
r-devel-linux-x86_64-debian-gcc | 1.0.0 | 35.13 | 33.43 | 68.56 | NOTE | |
r-devel-linux-x86_64-fedora-clang | 1.0.0 | 122.65 | NOTE | |||
r-devel-linux-x86_64-fedora-gcc | 1.0.0 | 97.99 | NOTE | |||
r-patched-linux-x86_64 | 1.0.0 | 36.72 | 41.19 | 77.91 | NOTE | |
r-release-linux-x86_64 | 1.0.0 | 35.04 | 40.78 | 75.82 | NOTE | |
r-release-macos-arm64 | 1.0.0 | NOTE | ||||
r-release-macos-x86_64 | 1.0.0 | NOTE | ||||
r-release-windows-x86_64 | 1.0.0 | 56.00 | 79.00 | 135.00 | NOTE | |
r-oldrel-macos-arm64 | 1.0.0 | NOTE | ||||
r-oldrel-macos-x86_64 | 1.0.0 | NOTE | ||||
r-oldrel-windows-ix86+x86_64 | 1.0.0 | 101.00 | 84.00 | 185.00 | NOTE |
Version: 1.0.0
Check: LazyData
Result: NOTE
'LazyData' is specified without a 'data' directory
Flavors: r-devel-linux-x86_64-debian-clang, r-devel-linux-x86_64-debian-gcc, r-devel-linux-x86_64-fedora-clang, r-devel-linux-x86_64-fedora-gcc, r-patched-linux-x86_64, r-release-linux-x86_64, r-release-macos-arm64, r-release-macos-x86_64, r-release-windows-x86_64, r-oldrel-macos-arm64, r-oldrel-macos-x86_64, r-oldrel-windows-ix86+x86_64
Version: 1.0.0
Check: compiled code
Result: NOTE
File ‘fastAdaboost/libs/fastAdaboost.so’:
Found no calls to: ‘R_registerRoutines’, ‘R_useDynamicSymbols’
It is good practice to register native routines and to disable symbol
search.
See ‘Writing portable packages’ in the ‘Writing R Extensions’ manual.
Flavors: r-devel-linux-x86_64-fedora-clang, r-devel-linux-x86_64-fedora-gcc