Last updated on 2022-04-24 03:52:25 CEST.
Flavor | Version | Tinstall | Tcheck | Ttotal | Status | Flags |
---|---|---|---|---|---|---|
r-devel-linux-x86_64-debian-clang | 1.0.2 | 2.64 | 41.23 | 43.87 | NOTE | |
r-devel-linux-x86_64-debian-gcc | 1.0.2 | 2.25 | 31.41 | 33.66 | NOTE | |
r-devel-linux-x86_64-fedora-clang | 1.0.2 | 57.01 | NOTE | |||
r-devel-linux-x86_64-fedora-gcc | 1.0.2 | 44.79 | NOTE | |||
r-patched-linux-x86_64 | 1.0.2 | 3.10 | 39.03 | 42.13 | NOTE | |
r-release-linux-x86_64 | 1.0.2 | 2.89 | 38.82 | 41.71 | NOTE | |
r-release-macos-arm64 | 1.0.2 | NOTE | ||||
r-release-macos-x86_64 | 1.0.2 | NOTE | ||||
r-release-windows-x86_64 | 1.0.2 | 9.00 | 64.00 | 73.00 | NOTE | |
r-oldrel-macos-arm64 | 1.0.2 | NOTE | ||||
r-oldrel-macos-x86_64 | 1.0.2 | NOTE | ||||
r-oldrel-windows-ix86+x86_64 | 1.0.2 | 8.00 | 51.00 | 59.00 | NOTE |
Version: 1.0.2
Check: R code for possible problems
Result: NOTE
basis_hica: no visible global function definition for 'princomp'
energy_hica: no visible global function definition for 'dev.new'
energy_hica: no visible global function definition for 'points'
energy_hica: no visible global function definition for 'legend'
Undefined global functions or variables:
dev.new legend points princomp
Consider adding
importFrom("grDevices", "dev.new")
importFrom("graphics", "legend", "points")
importFrom("stats", "princomp")
to your NAMESPACE file.
Flavors: r-devel-linux-x86_64-debian-clang, r-devel-linux-x86_64-debian-gcc, r-devel-linux-x86_64-fedora-clang, r-devel-linux-x86_64-fedora-gcc, r-patched-linux-x86_64, r-release-linux-x86_64, r-release-macos-arm64, r-release-macos-x86_64, r-release-windows-x86_64, r-oldrel-macos-arm64, r-oldrel-macos-x86_64, r-oldrel-windows-ix86+x86_64