Last updated on 2022-04-24 03:52:25 CEST.
Flavor | Version | Tinstall | Tcheck | Ttotal | Status | Flags |
---|---|---|---|---|---|---|
r-devel-linux-x86_64-debian-clang | 0.6.0 | 79.91 | 151.84 | 231.75 | OK | |
r-devel-linux-x86_64-debian-gcc | 0.6.0 | 56.95 | 110.49 | 167.44 | OK | |
r-devel-linux-x86_64-fedora-clang | 0.6.0 | 277.27 | NOTE | |||
r-devel-linux-x86_64-fedora-gcc | 0.6.0 | 252.05 | OK | |||
r-patched-linux-x86_64 | 0.6.0 | 50.45 | 142.41 | 192.86 | OK | |
r-release-linux-x86_64 | 0.6.0 | 42.54 | 132.78 | 175.32 | OK | |
r-release-macos-arm64 | 0.6.0 | NOTE | ||||
r-release-macos-x86_64 | 0.6.0 | NOTE | ||||
r-release-windows-x86_64 | 0.6.0 | 76.00 | 176.00 | 252.00 | NOTE | |
r-oldrel-macos-arm64 | 0.6.0 | NOTE | ||||
r-oldrel-macos-x86_64 | 0.6.0 | NOTE | ||||
r-oldrel-windows-ix86+x86_64 | 0.6.0 | 149.00 | 214.00 | 363.00 | NOTE |
Version: 0.6.0
Check: installed package size
Result: NOTE
installed size is 6.9Mb
sub-directories of 1Mb or more:
data 4.8Mb
libs 1.7Mb
Flavors: r-devel-linux-x86_64-fedora-clang, r-release-macos-arm64, r-release-macos-x86_64, r-release-windows-x86_64, r-oldrel-macos-arm64, r-oldrel-macos-x86_64, r-oldrel-windows-ix86+x86_64