Last updated on 2022-04-24 03:52:25 CEST.
Flavor | Version | Tinstall | Tcheck | Ttotal | Status | Flags |
---|---|---|---|---|---|---|
r-devel-linux-x86_64-debian-clang | 0.0-4 | 30.51 | 40.94 | 71.45 | OK | |
r-devel-linux-x86_64-debian-gcc | 0.0-4 | 23.74 | 30.90 | 54.64 | OK | |
r-devel-linux-x86_64-fedora-clang | 0.0-4 | 101.04 | NOTE | |||
r-devel-linux-x86_64-fedora-gcc | 0.0-4 | 76.84 | OK | |||
r-patched-linux-x86_64 | 0.0-4 | 24.38 | 38.48 | 62.86 | OK | |
r-release-linux-x86_64 | 0.0-4 | 23.94 | 37.88 | 61.82 | OK | |
r-release-macos-arm64 | 0.0-4 | OK | ||||
r-release-macos-x86_64 | 0.0-4 | OK | ||||
r-release-windows-x86_64 | 0.0-4 | 38.00 | 77.00 | 115.00 | OK | |
r-oldrel-macos-arm64 | 0.0-4 | OK | ||||
r-oldrel-macos-x86_64 | 0.0-4 | OK | ||||
r-oldrel-windows-ix86+x86_64 | 0.0-4 | 75.00 | 72.00 | 147.00 | OK |
Version: 0.0-4
Check: Rd cross-references
Result: NOTE
Undeclared packages ‘ICSNP’, ‘ICS’ in Rd xrefs
Flavor: r-devel-linux-x86_64-fedora-clang